{"id":10300,"date":"2022-01-17T14:29:50","date_gmt":"2022-01-17T16:29:50","guid":{"rendered":"http:\/\/conselheirolafaiete.mg.gov.br\/v1\/?page_id=10300"},"modified":"2022-12-29T12:21:50","modified_gmt":"2022-12-29T14:21:50","slug":"editais-de-autuacao-de-transito-2022","status":"publish","type":"page","link":"https:\/\/conselheirolafaiete.mg.gov.br\/v1\/editais-de-autuacao-de-transito-2022\/","title":{"rendered":"Editais de Autua\u00e7\u00e3o de Tr\u00e2nsito 2022"},"content":{"rendered":"<p><a href=\"https:\/\/conselheirolafaiete.mg.gov.br\/v1\/wp-content\/uploads\/2022\/12\/DMTT-Edital-de-Notifica\u00e7\u00e3o-de-Penalidade-N\u00ba-030-2022.pdf\">29\/12\/2022 &#8211; DMTT &#8211; Edital de Notifica\u00e7\u00e3o de Penalidade N\u00ba 030-2022<\/a><br \/>\n<a href=\"https:\/\/conselheirolafaiete.mg.gov.br\/v1\/wp-content\/uploads\/2022\/12\/DMTT-Edital-de-Notifica\u00e7\u00e3o-de-Autua\u00e7\u00e3o-N\u00ba-037-2022.pdf\">27\/12\/2022 &#8211; DMTT &#8211; Edital de Notifica\u00e7\u00e3o de Autua\u00e7\u00e3o N\u00ba 037-2022<\/a><br \/>\n<a href=\"https:\/\/conselheirolafaiete.mg.gov.br\/v1\/wp-content\/uploads\/2022\/12\/DMTT-Edital-de-Notifica\u00e7\u00e3o-de-Penalidade-de-Advert\u00eancia-por-Escrito-N\u00ba-004-2022.pdf\">22\/12\/2022 &#8211; DMTT &#8211; Edital de Notifica\u00e7\u00e3o de Penalidade de Advert\u00eancia por Escrito N\u00ba 004-2022<\/a><br \/>\n<a href=\"https:\/\/conselheirolafaiete.mg.gov.br\/v1\/wp-content\/uploads\/2022\/12\/DMTT-Edital-de-Notifica\u00e7\u00e3o-de-Autua\u00e7\u00e3o-N\u00ba-036-2022_abcdpdf_excel_para_pdf.pdf\">22\/12\/2022 -DMTT &#8211; Edital de Notifica\u00e7\u00e3o de Autua\u00e7\u00e3o N\u00ba 036-2022_abcdpdf_excel_para_pdf<\/a><br \/>\n<a href=\"https:\/\/conselheirolafaiete.mg.gov.br\/v1\/wp-content\/uploads\/2022\/12\/DMTT-Edital-de-Notifica\u00e7\u00e3o-de-Autua\u00e7\u00e3o-N\u00ba-034-2022-1.pdf\">12\/12\/2022 &#8211; DMTT &#8211; Edital de Notifica\u00e7\u00e3o de Autua\u00e7\u00e3o N\u00ba 034-2022 (1)<\/a><a href=\"https:\/\/conselheirolafaiete.mg.gov.br\/v1\/wp-content\/uploads\/2022\/12\/DMTT-Edital-de-Notifica\u00e7\u00e3o-de-Penalidade-N\u00ba-028-2022.pdf\">12\/12\/2022 &#8211; DMTT &#8211; Edital de Notifica\u00e7\u00e3o de Penalidade N\u00ba 028-2022<\/a><br \/>\n<a href=\"https:\/\/conselheirolafaiete.mg.gov.br\/v1\/wp-content\/uploads\/2022\/12\/DMTT-Edital-de-Notifica\u00e7\u00e3o-de-Penalidade-de-Advert\u00eancia-por-Escrito-N\u00ba-003-2022.pdf\">06\/12\/2022 &#8211; DMTT &#8211; Edital de Notifica\u00e7\u00e3o de Penalidade de Advert\u00eancia por Escrito N\u00ba 003-2022<\/a><br \/>\n<a href=\"https:\/\/conselheirolafaiete.mg.gov.br\/v1\/wp-content\/uploads\/2022\/12\/DMTT-Edital-de-Notifica\u00e7\u00e3o-de-Penalidade-N\u00ba-029-2022.pdf\">06\/12\/2022 &#8211; DMTT &#8211; Edital de Notifica\u00e7\u00e3o de Penalidade N\u00ba 029-2022<\/a><br \/>\n<a href=\"https:\/\/conselheirolafaiete.mg.gov.br\/v1\/wp-content\/uploads\/2022\/12\/DMTT-Edital-de-Notifica\u00e7\u00e3o-de-Autua\u00e7\u00e3o-N\u00ba-035-2022.pdf\">06\/12\/2022 &#8211; DMTT &#8211; Edital de Notifica\u00e7\u00e3o de Autua\u00e7\u00e3o N\u00ba 035-2022<\/a><br \/>\n<a href=\"https:\/\/conselheirolafaiete.mg.gov.br\/v1\/wp-content\/uploads\/2022\/11\/DMTT-Edital-de-Notifica\u00e7\u00e3o-de-Penalidade-N\u00ba-027-2022.pdf\">11\/11\/2022 &#8211; DMTT &#8211; Edital de Notifica\u00e7\u00e3o de Penalidade N\u00ba 027-2022<\/a><br \/>\n<a href=\"https:\/\/conselheirolafaiete.mg.gov.br\/v1\/wp-content\/uploads\/2022\/11\/DMTT-Edital-de-Notifica\u00e7\u00e3o-de-Autua\u00e7\u00e3o-N\u00ba-033-2022.pdf\">11\/11\/2022 -DMTT &#8211; Edital de Notifica\u00e7\u00e3o de Autua\u00e7\u00e3o N\u00ba 033-2022<\/a><br \/>\n<a href=\"https:\/\/conselheirolafaiete.mg.gov.br\/v1\/wp-content\/uploads\/2022\/11\/DMTT-Edital-de-Notifica\u00e7\u00e3o-de-Autua\u00e7\u00e3o-N\u00ba-032-2022.pdf\">03\/11\/2022 &#8211; DMTT &#8211; Edital de Notifica\u00e7\u00e3o de Autua\u00e7\u00e3o N\u00ba 032-2022<\/a><br \/>\n<a href=\"https:\/\/conselheirolafaiete.mg.gov.br\/v1\/wp-content\/uploads\/2022\/11\/DMTT-Edital-de-Notifica\u00e7\u00e3o-de-Penalidade-N\u00ba-026-2022.pdf\">03\/11\/2022 &#8211; DMTT &#8211; Edital de Notifica\u00e7\u00e3o de Penalidade N\u00ba 026-2022<\/a><br \/>\n<a href=\"https:\/\/conselheirolafaiete.mg.gov.br\/v1\/wp-content\/uploads\/2022\/11\/DMTT-Edital-de-Notifica\u00e7\u00e3o-de-Autua\u00e7\u00e3o-N\u00ba-031-2022.pdf\">03\/11\/2022 &#8211; DMTT &#8211; Edital de Notifica\u00e7\u00e3o de Autua\u00e7\u00e3o N\u00ba 031-2022<\/a><br \/>\n<a href=\"https:\/\/conselheirolafaiete.mg.gov.br\/v1\/wp-content\/uploads\/2022\/10\/DMTT-Edital-de-Notifica\u00e7\u00e3o-de-Penalidade-N\u00ba-025-2022.pdf\">17\/10\/2022 &#8211; DMTT &#8211; Edital de Notifica\u00e7\u00e3o de Penalidade N\u00ba 025-2022<\/a><br \/>\n<a href=\"https:\/\/conselheirolafaiete.mg.gov.br\/v1\/wp-content\/uploads\/2022\/10\/DMTT-Edital-de-Notifica\u00e7\u00e3o-de-Autua\u00e7\u00e3o-N\u00ba-030-2022.pdf\">17\/10\/2022 &#8211; DMTT &#8211; Edital de Notifica\u00e7\u00e3o de Autua\u00e7\u00e3o N\u00ba 030-2022<\/a><br \/>\n<a href=\"https:\/\/conselheirolafaiete.mg.gov.br\/v1\/wp-content\/uploads\/2022\/10\/DMTT-Edital-de-Notifica\u00e7\u00e3o-de-Penalidade-N\u00ba-024-2022.pdf\">10\/10\/2022 &#8211; DMTT &#8211; Edital de Notifica\u00e7\u00e3o de Penalidade N\u00ba 024-2022<\/a><br \/>\n<a href=\"https:\/\/conselheirolafaiete.mg.gov.br\/v1\/wp-content\/uploads\/2022\/10\/DMTT-Edital-de-Notifica\u00e7\u00e3o-de-Autua\u00e7\u00e3o-N\u00ba-029-2022.pdf\">10\/10\/2022 &#8211; DMTT &#8211; Edital de Notifica\u00e7\u00e3o de Autua\u00e7\u00e3o N\u00ba 029-2022<\/a><br \/>\n<a href=\"https:\/\/conselheirolafaiete.mg.gov.br\/v1\/wp-content\/uploads\/2022\/09\/DMTT-Edital-de-Notifica\u00e7\u00e3o-de-Autua\u00e7\u00e3o-N\u00ba-028-2022.pdf\">26\/09\/2022 &#8211; DMTT &#8211; Edital de Notifica\u00e7\u00e3o de Autua\u00e7\u00e3o N\u00ba 028-2022<\/a><br \/>\n<a href=\"https:\/\/conselheirolafaiete.mg.gov.br\/v1\/wp-content\/uploads\/2022\/09\/DMTT-Edital-de-Notifica\u00e7\u00e3o-de-Penalidade-N\u00ba-023-2022.pdf\">26\/09\/2022 &#8211; DMTT &#8211; Edital de Notifica\u00e7\u00e3o de Penalidade N\u00ba 023-2022<\/a><br \/>\n<a href=\"https:\/\/conselheirolafaiete.mg.gov.br\/v1\/wp-content\/uploads\/2022\/09\/DMTT-Edital-de-Notifica\u00e7\u00e3o-de-Penalidade-N\u00ba-022-2022.pdf\">13\/09\/2022 &#8211; DMTT &#8211; Edital de Notifica\u00e7\u00e3o de Penalidade N\u00ba 022-2022<\/a><br \/>\n<a href=\"https:\/\/conselheirolafaiete.mg.gov.br\/v1\/wp-content\/uploads\/2022\/09\/DMTT-Edital-de-Notifica\u00e7\u00e3o-de-Autua\u00e7\u00e3o-N\u00ba-027-2022.pdf\">13\/09\/2022 &#8211; DMTT &#8211; Edital de Notifica\u00e7\u00e3o de Autua\u00e7\u00e3o N\u00ba 027-2022<\/a><br \/>\n<a href=\"https:\/\/conselheirolafaiete.mg.gov.br\/v1\/wp-content\/uploads\/2022\/09\/DMTT-Edital-de-Notifica\u00e7\u00e3o-de-Autua\u00e7\u00e3o-N\u00ba-026-2022.pdf\">01\/08\/2022 &#8211; DMTT &#8211; Edital de Notifica\u00e7\u00e3o de Autua\u00e7\u00e3o N\u00ba 026-2022<\/a><br \/>\n<a href=\"https:\/\/conselheirolafaiete.mg.gov.br\/v1\/wp-content\/uploads\/2022\/08\/DMTT-Edital-de-Notifica\u00e7\u00e3o-de-Autua\u00e7\u00e3o-N\u00ba-025-2022-2.pdf\">29\/08\/2022 &#8211; DMTT &#8211; Edital de Notifica\u00e7\u00e3o de Autua\u00e7\u00e3o N\u00ba 025-2022 (2)<\/a><br \/>\n<a href=\"https:\/\/conselheirolafaiete.mg.gov.br\/v1\/wp-content\/uploads\/2022\/08\/DMTT-Edital-de-Notifica\u00e7\u00e3o-de-Autua\u00e7\u00e3o-N\u00ba-024-2022.pdf\">29\/08\/2022 &#8211; DMTT &#8211; Edital de Notifica\u00e7\u00e3o de Autua\u00e7\u00e3o N\u00ba 024-2022<\/a><br \/>\n<a href=\"https:\/\/conselheirolafaiete.mg.gov.br\/v1\/wp-content\/uploads\/2022\/08\/DMTT-Edital-de-Notifica\u00e7\u00e3o-de-Penalidade-N\u00ba-021-2022.pdf\">29\/08\/2022 &#8211; DMTT &#8211; Edital de Notifica\u00e7\u00e3o de Penalidade N\u00ba 021-2022<\/a><br \/>\n<a href=\"https:\/\/conselheirolafaiete.mg.gov.br\/v1\/wp-content\/uploads\/2022\/08\/DMTT-Edital-de-Notifica\u00e7\u00e3o-de-Autua\u00e7\u00e3o-N\u00ba-023-2022-1.pdf\">12\/08\/2022 &#8211; DMTT &#8211; Edital de Notifica\u00e7\u00e3o de Autua\u00e7\u00e3o N\u00ba 023-2022 (1)<\/a><br \/>\n<a href=\"https:\/\/conselheirolafaiete.mg.gov.br\/v1\/wp-content\/uploads\/2022\/08\/DMTT-Edital-de-Notifica\u00e7\u00e3o-de-Autua\u00e7\u00e3o-N\u00ba-022-2022.pdf\">09\/08\/2022 &#8211; DMTT &#8211; Edital de Notifica\u00e7\u00e3o de Autua\u00e7\u00e3o N\u00ba 022-2022<\/a><br \/>\n<a href=\"https:\/\/conselheirolafaiete.mg.gov.br\/v1\/wp-content\/uploads\/2022\/08\/DMTT-Edital-de-Notifica\u00e7\u00e3o-de-Penalidade-de-Advert\u00eancia-por-Escrito-N\u00ba-002-2022.pdf\">09\/08\/2022 &#8211; DMTT &#8211; Edital de Notifica\u00e7\u00e3o de Penalidade de Advert\u00eancia por Escrito N\u00ba 002-2022<\/a><br \/>\n<a href=\"https:\/\/conselheirolafaiete.mg.gov.br\/v1\/wp-content\/uploads\/2022\/08\/DMTT-Edital-de-Notifica\u00e7\u00e3o-de-Penalidade-N\u00ba-020-2022.pdf\">09\/08\/2022 &#8211; DMTT &#8211; Edital de Notifica\u00e7\u00e3o de Penalidade N\u00ba 020-2022<\/a><br \/>\n<a href=\"https:\/\/conselheirolafaiete.mg.gov.br\/v1\/wp-content\/uploads\/2022\/08\/DMTT-Edital-de-Notifica\u00e7\u00e3o-de-Autua\u00e7\u00e3o-N\u00ba-022-2022-2.pdf\">09\/08\/2022 &#8211; DMTT &#8211; Edital de Notifica\u00e7\u00e3o de Autua\u00e7\u00e3o N\u00ba 022-2022<\/a><br \/>\n<a href=\"https:\/\/conselheirolafaiete.mg.gov.br\/v1\/wp-content\/uploads\/2022\/08\/DMTT-Edital-de-Notifica\u00e7\u00e3o-de-Penalidade-de-Advert\u00eancia-por-Escrito-N\u00ba-002-2022-2.pdf\">09\/08\/2022 &#8211; DMTT &#8211; Edital de Notifica\u00e7\u00e3o de Penalidade de Advert\u00eancia por Escrito N\u00ba 002-2022 <\/a><br \/>\n<a href=\"https:\/\/conselheirolafaiete.mg.gov.br\/v1\/wp-content\/uploads\/2022\/08\/DMTT-Edital-de-Notifica\u00e7\u00e3o-de-Penalidade-N\u00ba-020-2022-2.pdf\">09\/08\/2022 &#8211; DMTT &#8211; Edital de Notifica\u00e7\u00e3o de Penalidade N\u00ba 020-2022<\/a><br \/>\n<a href=\"https:\/\/conselheirolafaiete.mg.gov.br\/v1\/wp-content\/uploads\/2022\/08\/DMTT-Edital-de-Notifica\u00e7\u00e3o-de-Autua\u00e7\u00e3o-N\u00ba-022-2022-1.pdf\">09\/08\/2022 &#8211; DMTT &#8211; Edital de Notifica\u00e7\u00e3o de Autua\u00e7\u00e3o N\u00ba 022-2022 <\/a><br \/>\n<a href=\"https:\/\/conselheirolafaiete.mg.gov.br\/v1\/wp-content\/uploads\/2022\/08\/DMTT-Edital-de-Notifica\u00e7\u00e3o-de-Penalidade-de-Advert\u00eancia-por-Escrito-N\u00ba-002-2022-1.pdf\">09\/08\/2022 &#8211; DMTT &#8211; Edital de Notifica\u00e7\u00e3o de Penalidade de Advert\u00eancia por Escrito N\u00ba 002-2022 <\/a><br \/>\n<a href=\"https:\/\/conselheirolafaiete.mg.gov.br\/v1\/wp-content\/uploads\/2022\/08\/DMTT-Edital-de-Notifica\u00e7\u00e3o-de-Penalidade-N\u00ba-020-2022-1.pdf\">09\/08\/2022 &#8211; DMTT &#8211; Edital de Notifica\u00e7\u00e3o de Penalidade N\u00ba 020-2022<\/a><br \/>\n<a href=\"https:\/\/conselheirolafaiete.mg.gov.br\/v1\/wp-content\/uploads\/2022\/08\/DMTT-Edital-de-Notifica\u00e7\u00e3o-de-Autua\u00e7\u00e3o-N\u00ba-021-2022.pdf\">01\/08\/2022 &#8211; DMTT &#8211; Edital de Notifica\u00e7\u00e3o de Autua\u00e7\u00e3o N\u00ba 021-2022<\/a><br \/>\n<a href=\"https:\/\/conselheirolafaiete.mg.gov.br\/v1\/wp-content\/uploads\/2022\/08\/DMTT-Edital-de-Notifica\u00e7\u00e3o-de-Penalidade-N\u00ba-019-2022.pdf\">01\/08\/2022 &#8211; DMTT &#8211; Edital de Notifica\u00e7\u00e3o de Penalidade N\u00ba 019-2022<\/a><br \/>\n<a href=\"https:\/\/conselheirolafaiete.mg.gov.br\/v1\/wp-content\/uploads\/2022\/07\/DMTT-Edital-de-Notifica\u00e7\u00e3o-de-Autua\u00e7\u00e3o-N\u00ba-020-2022.pdf\">19\/07\/2022 &#8211; DMTT &#8211; Edital de Notifica\u00e7\u00e3o de Autua\u00e7\u00e3o N\u00ba 020-2022<\/a><br \/>\n<a href=\"https:\/\/conselheirolafaiete.mg.gov.br\/v1\/wp-content\/uploads\/2022\/07\/DMTT-Edital-de-Notifica\u00e7\u00e3o-de-Penalidade-N\u00ba-018-2022.pdf\">19\/07\/2022 &#8211; DMTT &#8211; Edital de Notifica\u00e7\u00e3o de Penalidade N\u00ba 018-2022<\/a><br \/>\n<a href=\"https:\/\/conselheirolafaiete.mg.gov.br\/v1\/wp-content\/uploads\/2022\/07\/DMTT-Edital-de-Notifica\u00e7\u00e3o-de-Autua\u00e7\u00e3o-N\u00ba-019-2022.pdf\">11\/07\/2022 &#8211; DMTT &#8211; Edital de Notifica\u00e7\u00e3o de Autua\u00e7\u00e3o N\u00ba 019-2022<\/a><br \/>\n<a href=\"https:\/\/conselheirolafaiete.mg.gov.br\/v1\/wp-content\/uploads\/2022\/07\/DMTT-Edital-de-Notifica\u00e7\u00e3o-de-Penalidade-N\u00ba-016-2022-1.pdf\">11\/07\/2022 &#8211; DMTT &#8211; Edital de Notifica\u00e7\u00e3o de Penalidade N\u00ba 016-2022 (1)<\/a><br \/>\n<a href=\"https:\/\/conselheirolafaiete.mg.gov.br\/v1\/wp-content\/uploads\/2022\/07\/DMTT-Edital-de-Notifica\u00e7\u00e3o-de-Autua\u00e7\u00e3o-N\u00ba-018-2022.pdf\">11\/07\/2022 &#8211; DMTT &#8211; Edital de Notifica\u00e7\u00e3o de Autua\u00e7\u00e3o N\u00ba 018-2022<\/a><br \/>\n<a href=\"https:\/\/conselheirolafaiete.mg.gov.br\/v1\/wp-content\/uploads\/2022\/07\/DMTT-Edital-de-Notifica\u00e7\u00e3o-de-Penalidade-N\u00ba-017-2022.pdf\">11\/07\/2022 &#8211; DMTT &#8211; Edital de Notifica\u00e7\u00e3o de Penalidade N\u00ba 017-2022<\/a><br \/>\n<a href=\"https:\/\/conselheirolafaiete.mg.gov.br\/v1\/wp-content\/uploads\/2022\/07\/DMTT-Edital-de-Notifica\u00e7\u00e3o-de-Autua\u00e7\u00e3o-N\u00ba-016-2022.pdf\">06\/07\/2022- DMTT &#8211; Edital de Notifica\u00e7\u00e3o de Autua\u00e7\u00e3o N\u00ba 016-2022<\/a><br \/>\n<a href=\"https:\/\/conselheirolafaiete.mg.gov.br\/v1\/wp-content\/uploads\/2022\/07\/DMTT-Edital-de-Notifica\u00e7\u00e3o-de-Autua\u00e7\u00e3o-N\u00ba-017-2022.pdf\">06\/07\/2022- DMTT &#8211; Edital de Notifica\u00e7\u00e3o de Autua\u00e7\u00e3o N\u00ba 017-2022<\/a><br \/>\n<a href=\"https:\/\/conselheirolafaiete.mg.gov.br\/v1\/wp-content\/uploads\/2022\/06\/DMTT-Edital-de-Notifica\u00e7\u00e3o-de-Penalidade-N\u00ba-015-2022.pdf\">30\/06\/2022 &#8211; DMTT &#8211; Edital de Notifica\u00e7\u00e3o de Penalidade N\u00ba 015-2022<\/a><br \/>\n<a href=\"https:\/\/conselheirolafaiete.mg.gov.br\/v1\/wp-content\/uploads\/2022\/06\/DMTT-Edital-de-Notifica\u00e7\u00e3o-de-Autua\u00e7\u00e3o-N\u00ba-016-2022.pdf\">30\/06\/2022 &#8211; DMTT &#8211; Edital de Notifica\u00e7\u00e3o de Autua\u00e7\u00e3o N\u00ba 016-2022<\/a><br \/>\n<a href=\"https:\/\/conselheirolafaiete.mg.gov.br\/v1\/wp-content\/uploads\/2022\/06\/DMTT-Edital-de-Notifica\u00e7\u00e3o-de-Autua\u00e7\u00e3o-N\u00ba-015-2022.pdf\">27\/06\/2022 &#8211; DMTT &#8211; Edital de Notifica\u00e7\u00e3o de Autua\u00e7\u00e3o N\u00ba 015-2022<\/a><br \/>\n<a href=\"https:\/\/conselheirolafaiete.mg.gov.br\/v1\/wp-content\/uploads\/2022\/06\/DMTT-Edital-de-Notifica\u00e7\u00e3o-de-Penalidade-N\u00ba-014-2022.pdf\">27\/06\/2022 &#8211; DMTT &#8211; Edital de Notifica\u00e7\u00e3o de Penalidade N\u00ba 014-2022<\/a><br \/>\n<a href=\"https:\/\/conselheirolafaiete.mg.gov.br\/v1\/wp-content\/uploads\/2022\/05\/DMTT-Edital-de-Notifica\u00e7\u00e3o-de-Autua\u00e7\u00e3o-N\u00ba-014-2022.pdf\">31\/05\/2022 &#8211; DMTT &#8211; Edital de Notifica\u00e7\u00e3o de Autua\u00e7\u00e3o N\u00ba 014-2022<\/a><a href=\"https:\/\/conselheirolafaiete.mg.gov.br\/v1\/wp-content\/uploads\/2022\/05\/DMTT-Edital-de-Notifica\u00e7\u00e3o-de-Penalidade-N\u00ba-013-2022.pdf\"><br \/>\n<\/a><a href=\"https:\/\/conselheirolafaiete.mg.gov.br\/v1\/wp-content\/uploads\/2022\/05\/DMTT-Edital-de-Notifica\u00e7\u00e3o-de-Penalidade-N\u00ba-013-2022.pdf\">31\/05\/2022 &#8211; DMTT &#8211; Edital de Notifica\u00e7\u00e3o de Penalidade N\u00ba 013-2022<\/a><br \/>\n<a href=\"https:\/\/conselheirolafaiete.mg.gov.br\/v1\/wp-content\/uploads\/2022\/05\/DMTT-Edital-de-Notifica\u00e7\u00e3o-de-Autua\u00e7\u00e3o-N\u00ba-013-2022.pdf\">20\/05\/2022 &#8211; DMTT &#8211; Edital de Notifica\u00e7\u00e3o de Autua\u00e7\u00e3o N\u00ba 013-2022<\/a><br \/>\n<a href=\"https:\/\/conselheirolafaiete.mg.gov.br\/v1\/wp-content\/uploads\/2022\/05\/DMTT-Edital-de-Notifica\u00e7\u00e3o-de-Penalidade-N\u00ba-012-2022.pdf\">20\/05\/2022 &#8211; DMTT &#8211; Edital de Notifica\u00e7\u00e3o de Penalidade N\u00ba 012-2022<\/a><br \/>\n<a href=\"https:\/\/conselheirolafaiete.mg.gov.br\/v1\/wp-content\/uploads\/2022\/05\/DMTT-Edital-de-Notifica\u00e7\u00e3o-de-Autua\u00e7\u00e3o-N\u00ba-012-2022.pdf\">18\/05\/2022 &#8211; DMTT &#8211; Edital de Notifica\u00e7\u00e3o de Autua\u00e7\u00e3o N\u00ba 012-2022<\/a><br \/>\n<a href=\"https:\/\/conselheirolafaiete.mg.gov.br\/v1\/wp-content\/uploads\/2022\/05\/DMTT-Edital-de-Notifica\u00e7\u00e3o-de-Penalidade-N\u00ba-011-2022.pdf\">18\/05\/2022 &#8211; DMTT &#8211; Edital de Notifica\u00e7\u00e3o de Penalidade N\u00ba 011-2022<\/a><br \/>\n<a href=\"https:\/\/conselheirolafaiete.mg.gov.br\/v1\/wp-content\/uploads\/2022\/05\/DMTT-Edital-de-Notifica\u00e7\u00e3o-de-Autua\u00e7\u00e3o-N\u00ba-011-2022-1.pdf\">13\/05\/2022 &#8211; DMTT &#8211; Edital de Notifica\u00e7\u00e3o de Autua\u00e7\u00e3o N\u00ba 011-2022<\/a><br \/>\n<a href=\"https:\/\/conselheirolafaiete.mg.gov.br\/v1\/wp-content\/uploads\/2022\/04\/DMTT-Edital-de-Notifica\u00e7\u00e3o-de-Autua\u00e7\u00e3o-N\u00ba-010-2022.pdf\">28\/04\/2022 &#8211; DMTT &#8211; Edital de Notifica\u00e7\u00e3o de Autua\u00e7\u00e3o N\u00ba 010-2022<\/a><br \/>\n<a href=\"https:\/\/conselheirolafaiete.mg.gov.br\/v1\/wp-content\/uploads\/2022\/04\/DMTT-Edital-de-Notifica\u00e7\u00e3o-de-Penalidade-N\u00ba-010-2022.pdf\">28\/04\/2022 &#8211; DMTT &#8211; Edital de Notifica\u00e7\u00e3o de Penalidade N\u00ba 010-2022<\/a><br \/>\n<a href=\"https:\/\/conselheirolafaiete.mg.gov.br\/v1\/wp-content\/uploads\/2022\/04\/DMTT-Edital-de-Notifica\u00e7\u00e3o-de-Autua\u00e7\u00e3o-N\u00ba-009-2022.pdf\">07\/04\/2022 &#8211; DMTT &#8211; Edital de Notifica\u00e7\u00e3o de Autua\u00e7\u00e3o N\u00ba 009-2022<\/a><br \/>\n<a href=\"https:\/\/conselheirolafaiete.mg.gov.br\/v1\/wp-content\/uploads\/2022\/04\/DMTT-Edital-de-Notifica\u00e7\u00e3o-de-Penalidade-N\u00ba-009-2022.pdf\">07\/04\/2022 &#8211; DMTT &#8211; Edital de Notifica\u00e7\u00e3o de Penalidade N\u00ba 009-2022<\/a><br \/>\n<a href=\"https:\/\/conselheirolafaiete.mg.gov.br\/v1\/wp-content\/uploads\/2022\/03\/DMTT-Edital-de-Notifica\u00e7\u00e3o-de-Penalidade-N\u00ba-007-2022.pdf\">25\/03\/2022 &#8211; DMTT &#8211; Edital de Notifica\u00e7\u00e3o de Penalidade N\u00ba 007-2022<\/a><br \/>\n<a href=\"https:\/\/conselheirolafaiete.mg.gov.br\/v1\/wp-content\/uploads\/2022\/03\/DMTT-Edital-de-Notifica\u00e7\u00e3o-de-Penalidade-N\u00ba-008-2022.pdf\">25\/03\/2022 &#8211; DMTT &#8211; Edital de Notifica\u00e7\u00e3o de Penalidade N\u00ba 008-2022<\/a><br \/>\n<a href=\"https:\/\/conselheirolafaiete.mg.gov.br\/v1\/wp-content\/uploads\/2022\/03\/DMTT-Edital-de-Notifica\u00e7\u00e3o-de-Autua\u00e7\u00e3o-N\u00ba-007-2022-1.pdf\">25\/03\/2022 &#8211; DMTT &#8211; Edital de Notifica\u00e7\u00e3o de Autua\u00e7\u00e3o N\u00ba 007-2022<\/a><br \/>\n<a href=\"https:\/\/conselheirolafaiete.mg.gov.br\/v1\/wp-content\/uploads\/2022\/03\/DMTT-Edital-de-Notifica\u00e7\u00e3o-de-Autua\u00e7\u00e3o-N\u00ba-008-2022.pdf\">25\/03\/2022 &#8211; DMTT &#8211; Edital de Notifica\u00e7\u00e3o de Autua\u00e7\u00e3o N\u00ba 008-2022<\/a><br \/>\n<a href=\"https:\/\/conselheirolafaiete.mg.gov.br\/v1\/wp-content\/uploads\/2022\/03\/DMTT-Edital-de-Notifica\u00e7\u00e3o-de-Autua\u00e7\u00e3o-N\u00ba-006-2022.pdf\">15\/03\/2022 &#8211; DMTT &#8211; Edital de Notifica\u00e7\u00e3o de Autua\u00e7\u00e3o N\u00ba 006-2022<\/a><br \/>\n<a href=\"https:\/\/conselheirolafaiete.mg.gov.br\/v1\/wp-content\/uploads\/2022\/03\/DMTT-Edital-de-Notifica\u00e7\u00e3o-de-Penalidade-N\u00ba-006-2022.pdf\">15\/03\/2022 &#8211; DMTT &#8211; Edital de Notifica\u00e7\u00e3o de Penalidade N\u00ba 006-2022<\/a><br \/>\n<a href=\"https:\/\/conselheirolafaiete.mg.gov.br\/v1\/wp-content\/uploads\/2022\/03\/DMTT-Edital-de-Notifica\u00e7\u00e3o-de-Autua\u00e7\u00e3o-N\u00ba-005-2022.pdf\">10\/03\/2022 &#8211; DMTT &#8211; Edital de Notifica\u00e7\u00e3o de Autua\u00e7\u00e3o N\u00ba 005-2022<\/a><br \/>\n<a href=\"https:\/\/conselheirolafaiete.mg.gov.br\/v1\/wp-content\/uploads\/2022\/03\/DMTT-Edital-de-Notifica\u00e7\u00e3o-de-Penalidade-N\u00ba-005-2022.pdf\">10\/03\/2022 &#8211; DMTT &#8211; Edital de Notifica\u00e7\u00e3o de Penalidade N\u00ba 005-2022<\/a><br \/>\n<a href=\"https:\/\/conselheirolafaiete.mg.gov.br\/v1\/wp-content\/uploads\/2022\/02\/DMTT-Edital-de-Notifica\u00e7\u00e3o-de-Penalidade-N\u00ba-004-2022.pdf\">18\/02\/2022 &#8211; DMTT &#8211; Edital de Notifica\u00e7\u00e3o de Penalidade N\u00ba 004-2022<\/a><br \/>\n<a href=\"https:\/\/conselheirolafaiete.mg.gov.br\/v1\/wp-content\/uploads\/2022\/02\/DMTT-Edital-de-Notifica\u00e7\u00e3o-de-Autua\u00e7\u00e3o-N\u00ba-004-2022.pdf\">18\/02\/2022 &#8211; DMTT &#8211; Edital de Notifica\u00e7\u00e3o de Autua\u00e7\u00e3o N\u00ba 004-2022<\/a><br \/>\n<a href=\"https:\/\/conselheirolafaiete.mg.gov.br\/v1\/wp-content\/uploads\/2022\/02\/DMTT-Edital-de-Notifica\u00e7\u00e3o-de-Autua\u00e7\u00e3o-N\u00ba-003-2022.pdf\">09\/02\/2022 &#8211; DMTT &#8211; Edital de Notifica\u00e7\u00e3o de Autua\u00e7\u00e3o N\u00ba 003-2022<\/a><br \/>\n<a href=\"https:\/\/conselheirolafaiete.mg.gov.br\/v1\/wp-content\/uploads\/2022\/02\/DMTT-Edital-de-Notifica\u00e7\u00e3o-de-Penalidade-N\u00ba-003-2022.pdf\">09\/02\/2022 &#8211; DMTT &#8211; Edital de Notifica\u00e7\u00e3o de Penalidade N\u00ba 003-2022<\/a><br \/>\n<a href=\"https:\/\/conselheirolafaiete.mg.gov.br\/v1\/wp-content\/uploads\/2022\/01\/DMTT-Edital-de-Notifica\u00e7\u00e3o-de-Autua\u00e7\u00e3o-N\u00ba-002-2022.pdf\">25\/01\/2022 &#8211; DMTT &#8211; Edital de Notifica\u00e7\u00e3o de Autua\u00e7\u00e3o N\u00ba 002-2022<\/a><br \/>\n<a href=\"https:\/\/conselheirolafaiete.mg.gov.br\/v1\/wp-content\/uploads\/2022\/01\/DMTT-Edital-de-Notifica\u00e7\u00e3o-de-Penalidade-N\u00ba-002-2022.pdf\">25\/01\/2022 &#8211; DMTT &#8211; Edital de Notifica\u00e7\u00e3o de Penalidade N\u00ba 002-2022<\/a><br \/>\n<a href=\"https:\/\/conselheirolafaiete.mg.gov.br\/v1\/wp-content\/uploads\/2022\/01\/DMTT-Edital-de-Notifica\u00e7\u00e3o-de-Autua\u00e7\u00e3o-N\u00ba-001-2022.pdf\">17\/01\/2022 &#8211; DMTT &#8211; Edital de Notifica\u00e7\u00e3o de Autua\u00e7\u00e3o N\u00ba 001-2022<\/a><br \/>\n<a href=\"https:\/\/conselheirolafaiete.mg.gov.br\/v1\/wp-content\/uploads\/2022\/01\/DMTT-Edital-de-Notifica\u00e7\u00e3o-de-Penalidade-de-Advert\u00eancia-por-Escrito-N\u00ba-001-2022.pdf\">17\/01\/2022 &#8211; DMTT &#8211; Edital de Notifica\u00e7\u00e3o de Penalidade de Advert\u00eancia por Escrito N\u00ba 001-2022<\/a><br \/>\n<a href=\"https:\/\/conselheirolafaiete.mg.gov.br\/v1\/wp-content\/uploads\/2022\/01\/DMTT-Edital-de-Notifica\u00e7\u00e3o-de-Penalidade-N\u00ba-001-2022.pdf\">17\/01\/2022 &#8211; DMTT &#8211; Edital de Notifica\u00e7\u00e3o de Penalidade N\u00ba 001-2022<\/a><\/p>\n","protected":false},"excerpt":{"rendered":"<p>29\/12\/2022 &#8211; DMTT &#8211; Edital de Notifica\u00e7\u00e3o de Penalidade N\u00ba 030-2022 27\/12\/2022 &#8211; DMTT &#8211; Edital de Notifica\u00e7\u00e3o de Autua\u00e7\u00e3o N\u00ba 037-2022 22\/12\/2022 &#8211; DMTT &#8211; Edital de Notifica\u00e7\u00e3o de Penalidade de Advert\u00eancia por Escrito N\u00ba 004-2022 22\/12\/2022 -DMTT &#8211; Edital de Notifica\u00e7\u00e3o de Autua\u00e7\u00e3o N\u00ba 036-2022_abcdpdf_excel_para_pdf 12\/12\/2022 &#8211; DMTT &#8211; Edital de Notifica\u00e7\u00e3o de [&hellip;]<\/p>\n","protected":false},"author":1,"featured_media":0,"parent":0,"menu_order":0,"comment_status":"closed","ping_status":"closed","template":"","meta":{"footnotes":""},"class_list":["post-10300","page","type-page","status-publish","hentry"],"_links":{"self":[{"href":"https:\/\/conselheirolafaiete.mg.gov.br\/v1\/wp-json\/wp\/v2\/pages\/10300","targetHints":{"allow":["GET"]}}],"collection":[{"href":"https:\/\/conselheirolafaiete.mg.gov.br\/v1\/wp-json\/wp\/v2\/pages"}],"about":[{"href":"https:\/\/conselheirolafaiete.mg.gov.br\/v1\/wp-json\/wp\/v2\/types\/page"}],"author":[{"embeddable":true,"href":"https:\/\/conselheirolafaiete.mg.gov.br\/v1\/wp-json\/wp\/v2\/users\/1"}],"replies":[{"embeddable":true,"href":"https:\/\/conselheirolafaiete.mg.gov.br\/v1\/wp-json\/wp\/v2\/comments?post=10300"}],"version-history":[{"count":39,"href":"https:\/\/conselheirolafaiete.mg.gov.br\/v1\/wp-json\/wp\/v2\/pages\/10300\/revisions"}],"predecessor-version":[{"id":13279,"href":"https:\/\/conselheirolafaiete.mg.gov.br\/v1\/wp-json\/wp\/v2\/pages\/10300\/revisions\/13279"}],"wp:attachment":[{"href":"https:\/\/conselheirolafaiete.mg.gov.br\/v1\/wp-json\/wp\/v2\/media?parent=10300"}],"curies":[{"name":"wp","href":"https:\/\/api.w.org\/{rel}","templated":true}]}}