{"id":1462,"date":"2018-12-03T13:17:36","date_gmt":"2018-12-03T13:17:36","guid":{"rendered":"http:\/\/conselheirolafaiete.mg.gov.br\/v1\/?page_id=1462"},"modified":"2018-12-03T13:17:36","modified_gmt":"2018-12-03T13:17:36","slug":"convocacoes-2017","status":"publish","type":"page","link":"https:\/\/conselheirolafaiete.mg.gov.br\/v1\/convocacoes-2017\/","title":{"rendered":"Convoca\u00e7\u00f5es 2017"},"content":{"rendered":"<p><a href=\"https:\/\/conselheirolafaiete.mg.gov.br\/v1\/wp-content\/uploads\/2018\/12\/120-CONVOCA\u00c7\u00c3O-Concurso.pdf\">120 &#8211; CONVOCA\u00c7\u00c3O &#8211; Concurso<\/a><\/p>\n<p><a href=\"https:\/\/conselheirolafaiete.mg.gov.br\/v1\/wp-content\/uploads\/2018\/12\/OF\u00cdCIO-58-33\u00aa-CONVOCA\u00c7\u00c3O-CONCURSO-2015.pdf\">OF\u00cdCIO 58 &#8211; 33\u00aa CONVOCA\u00c7\u00c3O CONCURSO 2015<\/a><\/p>\n<p><a href=\"https:\/\/conselheirolafaiete.mg.gov.br\/v1\/wp-content\/uploads\/2018\/12\/OF\u00cdCIO-066-34\u00aa-CONVOCA\u00c7\u00c3O-CONCURSO-2015.pdf\">OF\u00cdCIO 066 &#8211; 34\u00aa CONVOCA\u00c7\u00c3O CONCURSO 2015<\/a><\/p>\n<p><a href=\"https:\/\/conselheirolafaiete.mg.gov.br\/v1\/wp-content\/uploads\/2018\/12\/OF\u00cdCIO-089-35\u00aa-CONVOCA\u00c7\u00c3O-CONCURSO-2015.pdf\">OF\u00cdCIO 089 &#8211; 35\u00aa CONVOCA\u00c7\u00c3O CONCURSO 2015<\/a><\/p>\n<p><a href=\"https:\/\/conselheirolafaiete.mg.gov.br\/v1\/wp-content\/uploads\/2018\/12\/OF\u00cdCIO-097-36\u00aa-CONVOCA\u00c7\u00c3O-CONCURSO-2015.pdf\">OF\u00cdCIO 097 &#8211; 36\u00aa CONVOCA\u00c7\u00c3O CONCURSO 2015<\/a><\/p>\n<p><a href=\"https:\/\/conselheirolafaiete.mg.gov.br\/v1\/wp-content\/uploads\/2018\/12\/OF\u00cdCIO-099-37\u00aa-CONVOCA\u00c7\u00c3O-CONCURSO-2015.pdf\">OF\u00cdCIO 099 &#8211; 37\u00aa CONVOCA\u00c7\u00c3O CONCURSO 2015<\/a><\/p>\n<p><a href=\"https:\/\/conselheirolafaiete.mg.gov.br\/v1\/wp-content\/uploads\/2018\/12\/OF\u00cdCIO-109-38\u00aa-CONVOCA\u00c7\u00c3O-CONCURSO-2015.pdf\">OF\u00cdCIO 109 &#8211; 38\u00aa CONVOCA\u00c7\u00c3O CONCURSO 2015<\/a><\/p>\n<p><a href=\"https:\/\/conselheirolafaiete.mg.gov.br\/v1\/wp-content\/uploads\/2018\/12\/OF\u00cdCIO-125-40\u00aa-CONVOCA\u00c7\u00c3O-CONCURSO-2015.pdf\">OF\u00cdCIO 125 &#8211; 40\u00aa CONVOCA\u00c7\u00c3O CONCURSO 2015<\/a><\/p>\n<p><a href=\"https:\/\/conselheirolafaiete.mg.gov.br\/v1\/wp-content\/uploads\/2018\/12\/OF\u00cdCIO-132-41\u00aa-CONVOCA\u00c7\u00c3O-CONCURSO-2015.pdf\">OF\u00cdCIO 132 &#8211; 41\u00aa CONVOCA\u00c7\u00c3O CONCURSO 2015<\/a><\/p>\n<p><a href=\"https:\/\/conselheirolafaiete.mg.gov.br\/v1\/wp-content\/uploads\/2018\/12\/OF\u00cdCIO-148-42\u00aa-CONVOCA\u00c7\u00c3O-CONCURSO-2015.pdf\">OF\u00cdCIO 148 &#8211; 42\u00aa CONVOCA\u00c7\u00c3O CONCURSO 2015<\/a><\/p>\n<p><a href=\"https:\/\/conselheirolafaiete.mg.gov.br\/v1\/wp-content\/uploads\/2018\/12\/OF\u00cdCIO-166-43\u00aa-CONVOCA\u00c7\u00c3O-CONCURSO-2015.pdf\">OF\u00cdCIO 166 &#8211; 43\u00aa CONVOCA\u00c7\u00c3O CONCURSO 2015<\/a><\/p>\n<p><a href=\"https:\/\/conselheirolafaiete.mg.gov.br\/v1\/wp-content\/uploads\/2018\/12\/OF\u00cdCIO-170-44\u00aa-CONVOCA\u00c7\u00c3O-CONCURSO-2015.pdf\">OF\u00cdCIO 170 &#8211; 44\u00aa CONVOCA\u00c7\u00c3O CONCURSO 2015<\/a><\/p>\n<p><a href=\"https:\/\/conselheirolafaiete.mg.gov.br\/v1\/wp-content\/uploads\/2018\/12\/OF\u00cdCIO-175-45\u00aa-CONVOCA\u00c7\u00c3O-CONCURSO-2015.pdf\">OF\u00cdCIO 175 &#8211; 45\u00aa CONVOCA\u00c7\u00c3O CONCURSO 2015<\/a><\/p>\n<p><a href=\"https:\/\/conselheirolafaiete.mg.gov.br\/v1\/wp-content\/uploads\/2018\/12\/OF\u00cdCIO-189-46\u00aa-CONVOCA\u00c7\u00c3O-CONCURSO-2015.pdf\">OF\u00cdCIO 189 &#8211; 46\u00aa CONVOCA\u00c7\u00c3O CONCURSO 2015<\/a><\/p>\n<p><a href=\"https:\/\/conselheirolafaiete.mg.gov.br\/v1\/wp-content\/uploads\/2018\/12\/OF\u00cdCIO-199-47\u00aa-CONVOCA\u00c7\u00c3O-CONCURSO-2015.pdf\">OF\u00cdCIO 199 &#8211; 47\u00aa CONVOCA\u00c7\u00c3O CONCURSO 2015<\/a><\/p>\n<p><a href=\"https:\/\/conselheirolafaiete.mg.gov.br\/v1\/wp-content\/uploads\/2018\/12\/OF\u00cdCIO-200-48\u00aa-CONVOCA\u00c7\u00c3O-CONCURSO-2015.pdf\">OF\u00cdCIO 200 &#8211; 48\u00aa CONVOCA\u00c7\u00c3O CONCURSO 2015<\/a><\/p>\n<p><a href=\"https:\/\/conselheirolafaiete.mg.gov.br\/v1\/wp-content\/uploads\/2018\/12\/OF\u00cdCIO-215-49\u00aa-CONVOCA\u00c7\u00c3O-CONCURSO-2015.pdf\">OF\u00cdCIO 215 &#8211; 49\u00aa CONVOCA\u00c7\u00c3O CONCURSO 2015<\/a><\/p>\n<p><a href=\"https:\/\/conselheirolafaiete.mg.gov.br\/v1\/wp-content\/uploads\/2018\/12\/OF\u00cdCIO-221-50\u00aa-CONVOCA\u00c7\u00c3O-CONCURSO-2015.pdf\">OF\u00cdCIO 221 -50\u00aa CONVOCA\u00c7\u00c3O CONCURSO 2015<\/a><\/p>\n","protected":false},"excerpt":{"rendered":"<p>120 &#8211; CONVOCA\u00c7\u00c3O &#8211; Concurso OF\u00cdCIO 58 &#8211; 33\u00aa CONVOCA\u00c7\u00c3O CONCURSO 2015 OF\u00cdCIO 066 &#8211; 34\u00aa CONVOCA\u00c7\u00c3O CONCURSO 2015 OF\u00cdCIO 089 &#8211; 35\u00aa CONVOCA\u00c7\u00c3O CONCURSO 2015 OF\u00cdCIO 097 &#8211; 36\u00aa CONVOCA\u00c7\u00c3O CONCURSO 2015 OF\u00cdCIO 099 &#8211; 37\u00aa CONVOCA\u00c7\u00c3O CONCURSO 2015 OF\u00cdCIO 109 &#8211; 38\u00aa CONVOCA\u00c7\u00c3O CONCURSO 2015 OF\u00cdCIO 125 &#8211; 40\u00aa CONVOCA\u00c7\u00c3O CONCURSO 2015 OF\u00cdCIO [&hellip;]<\/p>\n","protected":false},"author":2,"featured_media":0,"parent":0,"menu_order":0,"comment_status":"closed","ping_status":"closed","template":"","meta":{"footnotes":""},"class_list":["post-1462","page","type-page","status-publish","hentry"],"_links":{"self":[{"href":"https:\/\/conselheirolafaiete.mg.gov.br\/v1\/wp-json\/wp\/v2\/pages\/1462","targetHints":{"allow":["GET"]}}],"collection":[{"href":"https:\/\/conselheirolafaiete.mg.gov.br\/v1\/wp-json\/wp\/v2\/pages"}],"about":[{"href":"https:\/\/conselheirolafaiete.mg.gov.br\/v1\/wp-json\/wp\/v2\/types\/page"}],"author":[{"embeddable":true,"href":"https:\/\/conselheirolafaiete.mg.gov.br\/v1\/wp-json\/wp\/v2\/users\/2"}],"replies":[{"embeddable":true,"href":"https:\/\/conselheirolafaiete.mg.gov.br\/v1\/wp-json\/wp\/v2\/comments?post=1462"}],"version-history":[{"count":1,"href":"https:\/\/conselheirolafaiete.mg.gov.br\/v1\/wp-json\/wp\/v2\/pages\/1462\/revisions"}],"predecessor-version":[{"id":1482,"href":"https:\/\/conselheirolafaiete.mg.gov.br\/v1\/wp-json\/wp\/v2\/pages\/1462\/revisions\/1482"}],"wp:attachment":[{"href":"https:\/\/conselheirolafaiete.mg.gov.br\/v1\/wp-json\/wp\/v2\/media?parent=1462"}],"curies":[{"name":"wp","href":"https:\/\/api.w.org\/{rel}","templated":true}]}}