{"id":1483,"date":"2018-12-03T13:27:58","date_gmt":"2018-12-03T13:27:58","guid":{"rendered":"http:\/\/conselheirolafaiete.mg.gov.br\/v1\/?page_id=1483"},"modified":"2018-12-03T13:28:13","modified_gmt":"2018-12-03T13:28:13","slug":"convocacoes-2016","status":"publish","type":"page","link":"https:\/\/conselheirolafaiete.mg.gov.br\/v1\/convocacoes-2016\/","title":{"rendered":"Convoca\u00e7\u00f5es 2016"},"content":{"rendered":"<p><a href=\"https:\/\/conselheirolafaiete.mg.gov.br\/v1\/wp-content\/uploads\/2018\/12\/166-18\u00aa-CONVOCA\u00c7\u00c3O.pdf\">166 &#8211; 18\u00aa CONVOCA\u00c7\u00c3O<\/a><\/p>\n<p><a href=\"https:\/\/conselheirolafaiete.mg.gov.br\/v1\/wp-content\/uploads\/2018\/12\/OF\u00cdCIO-259-31\u00aa-CONVOCA\u00c7\u00c3O-CONCURSO-2015.pdf\">OF\u00cdCIO 259 &#8211; 31\u00aa CONVOCA\u00c7\u00c3O CONCURSO 2015<\/a><\/p>\n<p><a href=\"https:\/\/conselheirolafaiete.mg.gov.br\/v1\/wp-content\/uploads\/2018\/12\/OF\u00cdCIO-255-30\u00aa-CONVOCA\u00c7\u00c3O-CONCURSO-2015.pdf\">OF\u00cdCIO 255 &#8211; 30\u00aa CONVOCA\u00c7\u00c3O CONCURSO 2015<\/a><\/p>\n<p><a href=\"https:\/\/conselheirolafaiete.mg.gov.br\/v1\/wp-content\/uploads\/2018\/12\/OF\u00cdCIO-252-29\u00aa-CONVOCA\u00c7\u00c3O-CONCURSO-2015.pdf\">OF\u00cdCIO 252 &#8211; 29\u00aa CONVOCA\u00c7\u00c3O CONCURSO 2015<\/a><\/p>\n<p><a href=\"https:\/\/conselheirolafaiete.mg.gov.br\/v1\/wp-content\/uploads\/2018\/12\/OF\u00cdCIO-245-28\u00aa-CONVOCA\u00c7\u00c3O-CONCURSO-2015.pdf\">OF\u00cdCIO 245 &#8211; 28\u00aa CONVOCA\u00c7\u00c3O CONCURSO 2015<\/a><\/p>\n<p><a href=\"https:\/\/conselheirolafaiete.mg.gov.br\/v1\/wp-content\/uploads\/2018\/12\/OF\u00cdCIO-228-27\u00aa-CONVOCA\u00c7\u00c3O-CONCURSO-2015.pdf\">OF\u00cdCIO 228 &#8211; 27\u00aa CONVOCA\u00c7\u00c3O CONCURSO 2015<\/a><\/p>\n<p><a href=\"https:\/\/conselheirolafaiete.mg.gov.br\/v1\/wp-content\/uploads\/2018\/12\/OF\u00cdCIO-219-26\u00aa-CONVOCA\u00c7\u00c3O-CONCURSO-2015.pdf\">OF\u00cdCIO 219 &#8211; 26\u00aa CONVOCA\u00c7\u00c3O CONCURSO 2015<\/a><\/p>\n<p><a href=\"https:\/\/conselheirolafaiete.mg.gov.br\/v1\/wp-content\/uploads\/2018\/12\/OF\u00cdCIO-212-25\u00aa-CONVOCA\u00c7\u00c3O-CONCURSO-2015.pdf\">OF\u00cdCIO 212 &#8211; 25\u00aa CONVOCA\u00c7\u00c3O CONCURSO 2015<\/a><\/p>\n<p><a href=\"https:\/\/conselheirolafaiete.mg.gov.br\/v1\/wp-content\/uploads\/2018\/12\/OF\u00cdCIO-205-24\u00aa-CONVOCA\u00c7\u00c3O-CONCURSO-2015.pdf\">OF\u00cdCIO 205 &#8211; 24\u00aa CONVOCA\u00c7\u00c3O CONCURSO 2015<\/a><\/p>\n<p><a href=\"https:\/\/conselheirolafaiete.mg.gov.br\/v1\/wp-content\/uploads\/2018\/12\/OF\u00cdCIO-202-23\u00aa-CONVOCA\u00c7\u00c3O-CONCURSO-2015.pdf\">OF\u00cdCIO 202 &#8211; 23\u00aa CONVOCA\u00c7\u00c3O CONCURSO 2015<\/a><\/p>\n<p><a href=\"https:\/\/conselheirolafaiete.mg.gov.br\/v1\/wp-content\/uploads\/2018\/12\/OF\u00cdCIO-199-22\u00aa-CONVOCA\u00c7\u00c3O-CONCURSO-2015.pdf\">OF\u00cdCIO 199 &#8211; 22\u00aa CONVOCA\u00c7\u00c3O CONCURSO 2015<\/a><\/p>\n<p><a href=\"https:\/\/conselheirolafaiete.mg.gov.br\/v1\/wp-content\/uploads\/2018\/12\/OF\u00cdCIO-192-21\u00aa-CONVOCA\u00c7\u00c3O-CONCURSO-2015.pdf\">OF\u00cdCIO 192 &#8211; 21\u00aa CONVOCA\u00c7\u00c3O CONCURSO 2015<\/a><\/p>\n<p><a href=\"https:\/\/conselheirolafaiete.mg.gov.br\/v1\/wp-content\/uploads\/2018\/12\/OF\u00cdCIO-179-20\u00aa-CONVOCA\u00c7\u00c3O-CONCURSO-2015.pdf\">OF\u00cdCIO 179 &#8211; 20\u00aa CONVOCA\u00c7\u00c3O CONCURSO 2015<\/a><\/p>\n<p><a href=\"https:\/\/conselheirolafaiete.mg.gov.br\/v1\/wp-content\/uploads\/2018\/12\/OF\u00cdCIO-171-19\u00aa-CONVOCA\u00c7\u00c3O-CONCURSO-2015.pdf\">OF\u00cdCIO 171 &#8211; 19\u00aa CONVOCA\u00c7\u00c3O CONCURSO 2015<\/a><\/p>\n<p><a href=\"https:\/\/conselheirolafaiete.mg.gov.br\/v1\/wp-content\/uploads\/2018\/12\/OF\u00cdCIO-152-17\u00aa-CONVOCA\u00c7\u00c3O-CONCURSO-2015.pdf\">OF\u00cdCIO 152 &#8211; 17\u00aa CONVOCA\u00c7\u00c3O CONCURSO 2015<\/a><\/p>\n<p><a href=\"https:\/\/conselheirolafaiete.mg.gov.br\/v1\/wp-content\/uploads\/2018\/12\/OF\u00cdCIO-134-16\u00aa-CONVOCA\u00c7\u00c3O-CONCURSO-2015.pdf\">OF\u00cdCIO 134 &#8211; 16\u00aa CONVOCA\u00c7\u00c3O CONCURSO 2015<\/a><\/p>\n<p><a href=\"https:\/\/conselheirolafaiete.mg.gov.br\/v1\/wp-content\/uploads\/2018\/12\/OF\u00cdCIO-129-15\u00aa-CONVOCA\u00c7\u00c3O-CONCURSO-2015.pdf\">OF\u00cdCIO 129 &#8211; 15\u00aa CONVOCA\u00c7\u00c3O CONCURSO 2015<\/a><\/p>\n<p><a href=\"https:\/\/conselheirolafaiete.mg.gov.br\/v1\/wp-content\/uploads\/2018\/12\/OF\u00cdCIO-123-14\u00aa-CONVOCA\u00c7\u00c3O-CONCURSO-2015.pdf\">OF\u00cdCIO 123 &#8211; 14\u00aa CONVOCA\u00c7\u00c3O CONCURSO 2015<\/a><\/p>\n<p><a href=\"https:\/\/conselheirolafaiete.mg.gov.br\/v1\/wp-content\/uploads\/2018\/12\/OF\u00cdCIO-118-13\u00aa-CONVOCA\u00c7\u00c3O-CONCURSO-2015.pdf\">OF\u00cdCIO 118 &#8211; 13\u00aa CONVOCA\u00c7\u00c3O CONCURSO 2015<\/a><\/p>\n<p><a href=\"https:\/\/conselheirolafaiete.mg.gov.br\/v1\/wp-content\/uploads\/2018\/12\/OF\u00cdCIO-111-12\u00aa-CONVOCA\u00c7\u00c3O-CONCURSO-2015.pdf\">OF\u00cdCIO 111 &#8211; 12\u00aa CONVOCA\u00c7\u00c3O CONCURSO 2015<\/a><\/p>\n<p><a href=\"https:\/\/conselheirolafaiete.mg.gov.br\/v1\/wp-content\/uploads\/2018\/12\/OF\u00cdCIO-087-11\u00aa-CONVOCA\u00c7\u00c3O-CONCURSO-2015.pdf\">OF\u00cdCIO 087 &#8211; 11\u00aa CONVOCA\u00c7\u00c3O CONCURSO 2015<\/a><\/p>\n<p><a href=\"https:\/\/conselheirolafaiete.mg.gov.br\/v1\/wp-content\/uploads\/2018\/12\/OF\u00cdCIO-081-10\u00aa-CONVOCA\u00c7\u00c3O-CONCURSO-2015.pdf\">OF\u00cdCIO 081 &#8211; 10\u00aa CONVOCA\u00c7\u00c3O CONCURSO 2015<\/a><\/p>\n<p><a href=\"https:\/\/conselheirolafaiete.mg.gov.br\/v1\/wp-content\/uploads\/2018\/12\/OF\u00cdCIO-077-9\u00aa-CONVOCA\u00c7\u00c3O-CONCURSO-2015.pdf\">OF\u00cdCIO 077 &#8211; 9\u00aa CONVOCA\u00c7\u00c3O CONCURSO 2015<\/a><\/p>\n<p><a href=\"https:\/\/conselheirolafaiete.mg.gov.br\/v1\/wp-content\/uploads\/2018\/12\/OF\u00cdCIO-069-8\u00aa-CONVOCA\u00c7\u00c3O-CONCURSO-2015.pdf\">OF\u00cdCIO 069 &#8211; 8\u00aa CONVOCA\u00c7\u00c3O CONCURSO 2015<\/a><\/p>\n<p><a href=\"https:\/\/conselheirolafaiete.mg.gov.br\/v1\/wp-content\/uploads\/2018\/12\/OF\u00cdCIO-061-7\u00aa-CONVOCA\u00c7\u00c3O-CONCURSO-2015.pdf\">OF\u00cdCIO 061 &#8211; 7\u00aa CONVOCA\u00c7\u00c3O CONCURSO 2015<\/a><\/p>\n<p><a href=\"https:\/\/conselheirolafaiete.mg.gov.br\/v1\/wp-content\/uploads\/2018\/12\/OF\u00cdCIO-052-6\u00aa-CONVOCA\u00c7\u00c3O-CONCURSO-2015.pdf\">OF\u00cdCIO 052 &#8211; 6\u00aa CONVOCA\u00c7\u00c3O CONCURSO 2015<\/a><\/p>\n<p><a href=\"https:\/\/conselheirolafaiete.mg.gov.br\/v1\/wp-content\/uploads\/2018\/12\/OF\u00cdCIO-047-5\u00aa-CONVOCA\u00c7\u00c3O-CONCURSO-2015.pdf\">OF\u00cdCIO 047 &#8211; 5\u00aa CONVOCA\u00c7\u00c3O CONCURSO 2015<\/a><\/p>\n<p><a href=\"https:\/\/conselheirolafaiete.mg.gov.br\/v1\/wp-content\/uploads\/2018\/12\/OF\u00cdCIO-038-4\u00aa-CONVOCA\u00c7\u00c3O-CONCURSO-2015.pdf\">OF\u00cdCIO 038 &#8211; 4\u00aa CONVOCA\u00c7\u00c3O CONCURSO 2015<\/a><\/p>\n<p><a href=\"https:\/\/conselheirolafaiete.mg.gov.br\/v1\/wp-content\/uploads\/2018\/12\/OF\u00cdCIO-012-3\u00aa-CONVOCA\u00c7\u00c3O-CONCURSO-2015.pdf\">OF\u00cdCIO 012 &#8211; 3\u00aa CONVOCA\u00c7\u00c3O CONCURSO 2015<\/a><\/p>\n<p><a href=\"https:\/\/conselheirolafaiete.mg.gov.br\/v1\/wp-content\/uploads\/2018\/12\/OF\u00cdCIO-004-CONVOCA\u00c7\u00c3O-CONCURSO-2015.pdf\">OF\u00cdCIO 004 &#8211; CONVOCA\u00c7\u00c3O CONCURSO 2015<\/a><\/p>\n<p><a href=\"https:\/\/conselheirolafaiete.mg.gov.br\/v1\/wp-content\/uploads\/2018\/12\/OF\u00cdCIO-001-CONVOCA\u00c7\u00c3O-CONCURSO-2015.pdf\">OF\u00cdCIO 001 &#8211; CONVOCA\u00c7\u00c3O CONCURSO 2015<\/a><\/p>\n","protected":false},"excerpt":{"rendered":"<p>166 &#8211; 18\u00aa CONVOCA\u00c7\u00c3O OF\u00cdCIO 259 &#8211; 31\u00aa CONVOCA\u00c7\u00c3O CONCURSO 2015 OF\u00cdCIO 255 &#8211; 30\u00aa CONVOCA\u00c7\u00c3O CONCURSO 2015 OF\u00cdCIO 252 &#8211; 29\u00aa CONVOCA\u00c7\u00c3O CONCURSO 2015 OF\u00cdCIO 245 &#8211; 28\u00aa CONVOCA\u00c7\u00c3O CONCURSO 2015 OF\u00cdCIO 228 &#8211; 27\u00aa CONVOCA\u00c7\u00c3O CONCURSO 2015 OF\u00cdCIO 219 &#8211; 26\u00aa CONVOCA\u00c7\u00c3O CONCURSO 2015 OF\u00cdCIO 212 &#8211; 25\u00aa CONVOCA\u00c7\u00c3O CONCURSO 2015 OF\u00cdCIO 205 [&hellip;]<\/p>\n","protected":false},"author":2,"featured_media":0,"parent":0,"menu_order":0,"comment_status":"closed","ping_status":"closed","template":"","meta":{"footnotes":""},"class_list":["post-1483","page","type-page","status-publish","hentry"],"_links":{"self":[{"href":"https:\/\/conselheirolafaiete.mg.gov.br\/v1\/wp-json\/wp\/v2\/pages\/1483","targetHints":{"allow":["GET"]}}],"collection":[{"href":"https:\/\/conselheirolafaiete.mg.gov.br\/v1\/wp-json\/wp\/v2\/pages"}],"about":[{"href":"https:\/\/conselheirolafaiete.mg.gov.br\/v1\/wp-json\/wp\/v2\/types\/page"}],"author":[{"embeddable":true,"href":"https:\/\/conselheirolafaiete.mg.gov.br\/v1\/wp-json\/wp\/v2\/users\/2"}],"replies":[{"embeddable":true,"href":"https:\/\/conselheirolafaiete.mg.gov.br\/v1\/wp-json\/wp\/v2\/comments?post=1483"}],"version-history":[{"count":1,"href":"https:\/\/conselheirolafaiete.mg.gov.br\/v1\/wp-json\/wp\/v2\/pages\/1483\/revisions"}],"predecessor-version":[{"id":1515,"href":"https:\/\/conselheirolafaiete.mg.gov.br\/v1\/wp-json\/wp\/v2\/pages\/1483\/revisions\/1515"}],"wp:attachment":[{"href":"https:\/\/conselheirolafaiete.mg.gov.br\/v1\/wp-json\/wp\/v2\/media?parent=1483"}],"curies":[{"name":"wp","href":"https:\/\/api.w.org\/{rel}","templated":true}]}}