{"id":1569,"date":"2018-12-03T13:41:22","date_gmt":"2018-12-03T13:41:22","guid":{"rendered":"http:\/\/conselheirolafaiete.mg.gov.br\/v1\/?page_id=1569"},"modified":"2018-12-03T13:41:22","modified_gmt":"2018-12-03T13:41:22","slug":"desistencias-2017","status":"publish","type":"page","link":"https:\/\/conselheirolafaiete.mg.gov.br\/v1\/desistencias-2017\/","title":{"rendered":"Desist\u00eancias 2017"},"content":{"rendered":"<p><a href=\"https:\/\/conselheirolafaiete.mg.gov.br\/v1\/wp-content\/uploads\/2018\/12\/OF\u00cdCIO-001-IMPRENSA-DESISTENCIA-CONCURSO-2015.pdf\">OF\u00cdCIO 001 &#8211; IMPRENSA &#8211; DESISTENCIA CONCURSO 2015<\/a><\/p>\n<p><a href=\"https:\/\/conselheirolafaiete.mg.gov.br\/v1\/wp-content\/uploads\/2018\/12\/OF\u00cdCIO-065-DESISTENCIA-CONCURSO-2015.pdf\">OF\u00cdCIO 065 &#8211; DESISTENCIA CONCURSO 2015<\/a><\/p>\n<p><a href=\"https:\/\/conselheirolafaiete.mg.gov.br\/v1\/wp-content\/uploads\/2018\/12\/OF\u00cdCIO-087-IMPRENSA-DESISTENCIA-CONCURSO-2015.pdf\">OF\u00cdCIO 087 &#8211; IMPRENSA &#8211; DESISTENCIA CONCURSO 2015<\/a><\/p>\n<p><a href=\"https:\/\/conselheirolafaiete.mg.gov.br\/v1\/wp-content\/uploads\/2018\/12\/OF\u00cdCIO-107-IMPRENSA-DESISTENCIA-CONCURSO-2015.pdf\">OF\u00cdCIO 107 &#8211; IMPRENSA &#8211; DESISTENCIA CONCURSO 2015<\/a><\/p>\n<p><a href=\"https:\/\/conselheirolafaiete.mg.gov.br\/v1\/wp-content\/uploads\/2018\/12\/OF\u00cdCIO-188-IMPRENSA-DESISTENCIA-CONCURSO-2015.pdf\">OF\u00cdCIO 188 &#8211; IMPRENSA &#8211; DESISTENCIA CONCURSO 2015<\/a><\/p>\n<p><a href=\"https:\/\/conselheirolafaiete.mg.gov.br\/v1\/wp-content\/uploads\/2018\/12\/OF\u00cdCIO-214-IMPRENSA-DESISTENCIA-CONCURSO-2015.pdf\">OF\u00cdCIO 214 &#8211; IMPRENSA &#8211; DESISTENCIA CONCURSO 2015<\/a><\/p>\n","protected":false},"excerpt":{"rendered":"<p>OF\u00cdCIO 001 &#8211; IMPRENSA &#8211; DESISTENCIA CONCURSO 2015 OF\u00cdCIO 065 &#8211; DESISTENCIA CONCURSO 2015 OF\u00cdCIO 087 &#8211; IMPRENSA &#8211; DESISTENCIA CONCURSO 2015 OF\u00cdCIO 107 &#8211; IMPRENSA &#8211; DESISTENCIA CONCURSO 2015 OF\u00cdCIO 188 &#8211; IMPRENSA &#8211; DESISTENCIA CONCURSO 2015 OF\u00cdCIO 214 &#8211; IMPRENSA &#8211; DESISTENCIA CONCURSO 2015<\/p>\n","protected":false},"author":2,"featured_media":0,"parent":0,"menu_order":0,"comment_status":"closed","ping_status":"closed","template":"","meta":{"footnotes":""},"class_list":["post-1569","page","type-page","status-publish","hentry"],"_links":{"self":[{"href":"https:\/\/conselheirolafaiete.mg.gov.br\/v1\/wp-json\/wp\/v2\/pages\/1569","targetHints":{"allow":["GET"]}}],"collection":[{"href":"https:\/\/conselheirolafaiete.mg.gov.br\/v1\/wp-json\/wp\/v2\/pages"}],"about":[{"href":"https:\/\/conselheirolafaiete.mg.gov.br\/v1\/wp-json\/wp\/v2\/types\/page"}],"author":[{"embeddable":true,"href":"https:\/\/conselheirolafaiete.mg.gov.br\/v1\/wp-json\/wp\/v2\/users\/2"}],"replies":[{"embeddable":true,"href":"https:\/\/conselheirolafaiete.mg.gov.br\/v1\/wp-json\/wp\/v2\/comments?post=1569"}],"version-history":[{"count":1,"href":"https:\/\/conselheirolafaiete.mg.gov.br\/v1\/wp-json\/wp\/v2\/pages\/1569\/revisions"}],"predecessor-version":[{"id":1576,"href":"https:\/\/conselheirolafaiete.mg.gov.br\/v1\/wp-json\/wp\/v2\/pages\/1569\/revisions\/1576"}],"wp:attachment":[{"href":"https:\/\/conselheirolafaiete.mg.gov.br\/v1\/wp-json\/wp\/v2\/media?parent=1569"}],"curies":[{"name":"wp","href":"https:\/\/api.w.org\/{rel}","templated":true}]}}