{"id":1601,"date":"2018-12-03T13:52:53","date_gmt":"2018-12-03T13:52:53","guid":{"rendered":"http:\/\/conselheirolafaiete.mg.gov.br\/v1\/?page_id=1601"},"modified":"2018-12-03T13:53:23","modified_gmt":"2018-12-03T13:53:23","slug":"desistencias-antes-2016","status":"publish","type":"page","link":"https:\/\/conselheirolafaiete.mg.gov.br\/v1\/desistencias-antes-2016\/","title":{"rendered":"Desist\u00eancias antes 2016"},"content":{"rendered":"<p><a href=\"https:\/\/conselheirolafaiete.mg.gov.br\/v1\/wp-content\/uploads\/2018\/12\/OF.-204-publica\u00e7\u00e3o.pdf\">OF. 204 &#8211; publica\u00e7\u00e3o<\/a><\/p>\n<p><a href=\"https:\/\/conselheirolafaiete.mg.gov.br\/v1\/wp-content\/uploads\/2018\/12\/322-NAO-COMPARECIMENTO-CAMILA.pdf\">322 NAO COMPARECIMENTO CAMILA<\/a><\/p>\n<p><a href=\"https:\/\/conselheirolafaiete.mg.gov.br\/v1\/wp-content\/uploads\/2018\/12\/303-DESISTENCIA-ANA-CL\u00c1UDIA.pdf\">303 DESISTENCIA ANA CL\u00c1UDIA<\/a><\/p>\n<p><a href=\"https:\/\/conselheirolafaiete.mg.gov.br\/v1\/wp-content\/uploads\/2018\/12\/290-DESISTENCIA-geiza.pdf\">290 DESISTENCIA geiza<\/a><\/p>\n<p><a href=\"https:\/\/conselheirolafaiete.mg.gov.br\/v1\/wp-content\/uploads\/2018\/12\/273-DESISTENCIA-Adriana-Campos.pdf\">273 DESISTENCIA Adriana Campos<\/a><\/p>\n<p><a href=\"https:\/\/conselheirolafaiete.mg.gov.br\/v1\/wp-content\/uploads\/2018\/12\/267-DESISTENCIA-chelsea.pdf\">267 DESISTENCIA chelsea<\/a><\/p>\n<p><a href=\"https:\/\/conselheirolafaiete.mg.gov.br\/v1\/wp-content\/uploads\/2018\/12\/261-DESISTENCIA-DO-CONCURSO-2007.pdf\">261 DESISTENCIA DO CONCURSO 2007<\/a><\/p>\n<p><a href=\"https:\/\/conselheirolafaiete.mg.gov.br\/v1\/wp-content\/uploads\/2018\/12\/242-DESISTENCIA-DO-CONCURSO-2007.pdf\">242 DESISTENCIA DO CONCURSO 2007<\/a><\/p>\n<p><a href=\"https:\/\/conselheirolafaiete.mg.gov.br\/v1\/wp-content\/uploads\/2018\/12\/234-Jos\u00e9-Carlos-DESISTENCIA-DO-CONCURSO-N\u00c3O-RETORBNANDO-DEPOIS-DE-ENTREVISTA.pdf\">234 Jos\u00e9 Carlos DESISTENCIA DO CONCURSO N\u00c3O RETORBNANDO DEPOIS DE ENTREVISTA<\/a><\/p>\n<p><a href=\"https:\/\/conselheirolafaiete.mg.gov.br\/v1\/wp-content\/uploads\/2018\/12\/205-DESISTENCIA-DO-CONCURSO-2007.pdf\">205 DESISTENCIA DO CONCURSO 2007<\/a><\/p>\n<p><a href=\"https:\/\/conselheirolafaiete.mg.gov.br\/v1\/wp-content\/uploads\/2018\/12\/191-DESISTENCIA-DO-CONCURSO-2009.pdf\">191 DESISTENCIA DO CONCURSO 2009<\/a><\/p>\n<p><a href=\"https:\/\/conselheirolafaiete.mg.gov.br\/v1\/wp-content\/uploads\/2018\/12\/185-DESISTENCIA-DO-CONCURSO-2009.pdf\">185 DESISTENCIA DO CONCURSO 2009<\/a><\/p>\n<p><a href=\"https:\/\/conselheirolafaiete.mg.gov.br\/v1\/wp-content\/uploads\/2018\/12\/172-DESISTENCIA-CONCURSO-2009.pdf\">172 DESISTENCIA CONCURSO 2009<\/a><\/p>\n<p><a href=\"https:\/\/conselheirolafaiete.mg.gov.br\/v1\/wp-content\/uploads\/2018\/12\/165-DESISTENCIA-DO-CONCURSO-N\u00c3O-RETORNANDO-DEPOIS-DE-ENTREVISTA.pdf\">165 DESISTENCIA DO CONCURSO N\u00c3O RETORNANDO DEPOIS DE ENTREVISTA<\/a><\/p>\n<p><a href=\"https:\/\/conselheirolafaiete.mg.gov.br\/v1\/wp-content\/uploads\/2018\/12\/111-DESISTENCIA-DO-CONCURSO-2009.pdf\">111 DESISTENCIA DO CONCURSO 2009<\/a><\/p>\n<p><a href=\"https:\/\/conselheirolafaiete.mg.gov.br\/v1\/wp-content\/uploads\/2018\/12\/82-DESISTENCIA-DO-CONCURSO-2009.pdf\">82 DESISTENCIA DO CONCURSO 2009<\/a><\/p>\n<p><a href=\"https:\/\/conselheirolafaiete.mg.gov.br\/v1\/wp-content\/uploads\/2018\/12\/64-DESISTENCIA-DO-CONCURSO-N\u00c3O-RETORBNANDO-DEPOIS-DE-ENTREVISTA.pdf\">64 DESISTENCIA DO CONCURSO N\u00c3O RETORBNANDO DEPOIS DE ENTREVISTA<\/a><\/p>\n<p><a href=\"https:\/\/conselheirolafaiete.mg.gov.br\/v1\/wp-content\/uploads\/2018\/12\/36-DESISTENCIA-DO-CONCURSO-2009.pdf\">36 DESISTENCIA DO CONCURSO 2009<\/a><\/p>\n<p><a href=\"https:\/\/conselheirolafaiete.mg.gov.br\/v1\/wp-content\/uploads\/2018\/12\/21-DESISTENCIA-DO-CONCURSO-2009.pdf\">21 DESISTENCIA DO CONCURSO 2009<\/a><\/p>\n<p><a href=\"https:\/\/conselheirolafaiete.mg.gov.br\/v1\/wp-content\/uploads\/2018\/12\/20-DESISTENCIA-DO-CONCURSO-2009.pdf\">20 DESISTENCIA DO CONCURSO 2009<\/a><\/p>\n<p><a href=\"https:\/\/conselheirolafaiete.mg.gov.br\/v1\/wp-content\/uploads\/2018\/12\/16-DESISTENCIA-DO-CONCURSO-N\u00c3O-RETORBNANDO-DEPOIS-DE-ENTREVISTA.pdf\">16 DESISTENCIA DO CONCURSO N\u00c3O RETORBNANDO DEPOIS DE ENTREVISTA<\/a><\/p>\n<p><a href=\"https:\/\/conselheirolafaiete.mg.gov.br\/v1\/wp-content\/uploads\/2018\/12\/16-DESISTENCIA-DO-CONCURSO-2009.pdf\">16 DESISTENCIA DO CONCURSO 2009<\/a><\/p>\n<p><a href=\"https:\/\/conselheirolafaiete.mg.gov.br\/v1\/wp-content\/uploads\/2018\/12\/13-DESISTENCIA-Concurso-2007Luciellen.pdf\">13 DESISTENCIA Concurso 2007Luciellen<\/a><\/p>\n<p><a href=\"https:\/\/conselheirolafaiete.mg.gov.br\/v1\/wp-content\/uploads\/2018\/12\/13-DESISTENCIA-DO-CONCURSO-2009.pdf\">13 DESISTENCIA DO CONCURSO 2009<\/a><\/p>\n<p><a href=\"https:\/\/conselheirolafaiete.mg.gov.br\/v1\/wp-content\/uploads\/2018\/12\/02-DESISTENCIA-maria-candida.pdf\">02 DESISTENCIA maria candida<\/a><\/p>\n","protected":false},"excerpt":{"rendered":"<p>OF. 204 &#8211; publica\u00e7\u00e3o 322 NAO COMPARECIMENTO CAMILA 303 DESISTENCIA ANA CL\u00c1UDIA 290 DESISTENCIA geiza 273 DESISTENCIA Adriana Campos 267 DESISTENCIA chelsea 261 DESISTENCIA DO CONCURSO 2007 242 DESISTENCIA DO CONCURSO 2007 234 Jos\u00e9 Carlos DESISTENCIA DO CONCURSO N\u00c3O RETORBNANDO DEPOIS DE ENTREVISTA 205 DESISTENCIA DO CONCURSO 2007 191 DESISTENCIA DO CONCURSO 2009 185 DESISTENCIA [&hellip;]<\/p>\n","protected":false},"author":2,"featured_media":0,"parent":0,"menu_order":0,"comment_status":"closed","ping_status":"closed","template":"","meta":{"footnotes":""},"class_list":["post-1601","page","type-page","status-publish","hentry"],"_links":{"self":[{"href":"https:\/\/conselheirolafaiete.mg.gov.br\/v1\/wp-json\/wp\/v2\/pages\/1601","targetHints":{"allow":["GET"]}}],"collection":[{"href":"https:\/\/conselheirolafaiete.mg.gov.br\/v1\/wp-json\/wp\/v2\/pages"}],"about":[{"href":"https:\/\/conselheirolafaiete.mg.gov.br\/v1\/wp-json\/wp\/v2\/types\/page"}],"author":[{"embeddable":true,"href":"https:\/\/conselheirolafaiete.mg.gov.br\/v1\/wp-json\/wp\/v2\/users\/2"}],"replies":[{"embeddable":true,"href":"https:\/\/conselheirolafaiete.mg.gov.br\/v1\/wp-json\/wp\/v2\/comments?post=1601"}],"version-history":[{"count":1,"href":"https:\/\/conselheirolafaiete.mg.gov.br\/v1\/wp-json\/wp\/v2\/pages\/1601\/revisions"}],"predecessor-version":[{"id":1627,"href":"https:\/\/conselheirolafaiete.mg.gov.br\/v1\/wp-json\/wp\/v2\/pages\/1601\/revisions\/1627"}],"wp:attachment":[{"href":"https:\/\/conselheirolafaiete.mg.gov.br\/v1\/wp-json\/wp\/v2\/media?parent=1601"}],"curies":[{"name":"wp","href":"https:\/\/api.w.org\/{rel}","templated":true}]}}