{"id":1722,"date":"2018-12-03T14:19:21","date_gmt":"2018-12-03T14:19:21","guid":{"rendered":"http:\/\/conselheirolafaiete.mg.gov.br\/v1\/?page_id=1722"},"modified":"2018-12-19T10:53:17","modified_gmt":"2018-12-19T10:53:17","slug":"desistencias-processo-seletivo-2018","status":"publish","type":"page","link":"https:\/\/conselheirolafaiete.mg.gov.br\/v1\/desistencias-processo-seletivo-2018\/","title":{"rendered":"Desist\u00eancias Processo Seletivo 2018"},"content":{"rendered":"<p><a href=\"https:\/\/conselheirolafaiete.mg.gov.br\/v1\/wp-content\/uploads\/2018\/12\/17-DESIST\u00caNCIA-PL-ACS.pdf\">17 &#8211; DESIST\u00caNCIA PL ACS<\/a><\/p>\n<p><a href=\"https:\/\/conselheirolafaiete.mg.gov.br\/v1\/wp-content\/uploads\/2018\/12\/24-DESIST\u00caNCIA-P.S.pdf\">24 &#8211; DESIST\u00caNCIA P.S<\/a><\/p>\n<p><a href=\"https:\/\/conselheirolafaiete.mg.gov.br\/v1\/wp-content\/uploads\/2018\/12\/26-DESIST\u00caNCIA-PS.pdf\">26 &#8211; DESIST\u00caNCIA PS<\/a><\/p>\n<p><a href=\"https:\/\/conselheirolafaiete.mg.gov.br\/v1\/wp-content\/uploads\/2018\/12\/36-DESIST\u00caNCIA-PS.pdf\">36 &#8211; DESIST\u00caNCIA PS<\/a><\/p>\n<p><a href=\"https:\/\/conselheirolafaiete.mg.gov.br\/v1\/wp-content\/uploads\/2018\/12\/42-DESIST\u00caNCIA-PS-001-2017.pdf\">42 &#8211; DESIST\u00caNCIA PS 001-2017<\/a><\/p>\n<p><a href=\"https:\/\/conselheirolafaiete.mg.gov.br\/v1\/wp-content\/uploads\/2018\/12\/43-DESIST\u00caNCIA-PS-ACS.pdf\">43 &#8211; DESIST\u00caNCIA PS ACS<\/a><\/p>\n<p><a href=\"https:\/\/conselheirolafaiete.mg.gov.br\/v1\/wp-content\/uploads\/2018\/12\/50-DESIST\u00caNCIA-PL-ACS.pdf\">50 &#8211; DESIST\u00caNCIA PL ACS<\/a><\/p>\n<p><a href=\"https:\/\/conselheirolafaiete.mg.gov.br\/v1\/wp-content\/uploads\/2018\/12\/54-DESIST\u00caNCIA-PS-001-2017.pdf\">54 &#8211; DESIST\u00caNCIA PS 001-2017<\/a><\/p>\n<p><a href=\"https:\/\/conselheirolafaiete.mg.gov.br\/v1\/wp-content\/uploads\/2018\/12\/64-DESIST\u00caNCIA-PS-001-2017.pdf\">64 &#8211; DESIST\u00caNCIA PS 001-2017<\/a><\/p>\n<p><a href=\"https:\/\/conselheirolafaiete.mg.gov.br\/v1\/wp-content\/uploads\/2018\/12\/72-DESIST\u00caNCIA-PS-001-2017.pdf\">72 &#8211; DESIST\u00caNCIA PS 001-2017<\/a><\/p>\n<p><a href=\"https:\/\/conselheirolafaiete.mg.gov.br\/v1\/wp-content\/uploads\/2018\/12\/73-DESIST\u00caNCIA-PS-001-2017.pdf\">73 &#8211; DESIST\u00caNCIA PS 001-2017<\/a><\/p>\n<p><a href=\"https:\/\/conselheirolafaiete.mg.gov.br\/v1\/wp-content\/uploads\/2018\/12\/74-DESIST\u00caNCIA-PS-001-2017.pdf\">74 &#8211; DESIST\u00caNCIA PS 001-2017<\/a><\/p>\n<p><a href=\"https:\/\/conselheirolafaiete.mg.gov.br\/v1\/wp-content\/uploads\/2018\/12\/79-DESIST\u00caNCIA-PROCESSO-SELETIVO-001-2017-SMS-SMDS.pdf\">79 &#8211; DESIST\u00caNCIA PROCESSO SELETIVO 001-2017-SMS-SMDS<\/a><\/p>\n<p><a href=\"https:\/\/conselheirolafaiete.mg.gov.br\/v1\/wp-content\/uploads\/2018\/12\/81-DESIST\u00caNCIA-PROCESSO-SELETIVO-001-2017-SMS-SMDS.pdf\">81 &#8211; DESIST\u00caNCIA PROCESSO SELETIVO 001-2017-SMS-SMDS<\/a><\/p>\n<p><a href=\"https:\/\/conselheirolafaiete.mg.gov.br\/v1\/wp-content\/uploads\/2018\/12\/90-DESIST\u00caNCIA-PROCESSO-SELETIVO-001-2017-SMS-SMDS.pdf\">90 &#8211; DESIST\u00caNCIA PROCESSO SELETIVO 001-2017-SMS-SMDS<\/a><\/p>\n<p><a href=\"https:\/\/conselheirolafaiete.mg.gov.br\/v1\/wp-content\/uploads\/2018\/12\/92-DESIST\u00caNCIA-PROCESSO-SELETIVO-001-2017-SMS-SMDS.pdf\">92- DESIST\u00caNCIA PROCESSO SELETIVO 001-2017-SMS-SMDS<\/a><\/p>\n<p><a href=\"https:\/\/conselheirolafaiete.mg.gov.br\/v1\/wp-content\/uploads\/2018\/12\/94-DESIST\u00caNCIA-PROCESSO-SELETIVO-001-2017-SMS-SMDS.pdf\">94- DESIST\u00caNCIA PROCESSO SELETIVO 001-2017-SMS-SMDS<\/a><\/p>\n<p><a href=\"https:\/\/conselheirolafaiete.mg.gov.br\/v1\/wp-content\/uploads\/2018\/12\/103-DESIST\u00caNCIA-PROCESSO-SELETIVO-001-2017-SMS-SMDS.pdf\">103- DESIST\u00caNCIA PROCESSO SELETIVO 001-2017-SMS-SMDS<\/a><\/p>\n<p><a href=\"https:\/\/conselheirolafaiete.mg.gov.br\/v1\/wp-content\/uploads\/2018\/12\/110-DESIST\u00caNCIA-PROCESSO-SELETIVO-001-2017-SMS-SMDS.pdf\">110- DESIST\u00caNCIA PROCESSO SELETIVO 001-2017-SMS-SMDS<\/a><\/p>\n<p><a href=\"https:\/\/conselheirolafaiete.mg.gov.br\/v1\/wp-content\/uploads\/2018\/12\/114-DESIST\u00caNCIA-PROCESSO-SELETIVO-001-2017-SMS-SMDS.pdf\">114- DESIST\u00caNCIA PROCESSO SELETIVO 001-2017-SMS-SMDS<\/a><\/p>\n<p><a href=\"https:\/\/conselheirolafaiete.mg.gov.br\/v1\/wp-content\/uploads\/2018\/12\/132-Desist\u00eancia-PS-001-2018-SMS.pdf\">132 &#8211; Desist\u00eancia PS 001-2018-SMS<\/a><\/p>\n<p><a href=\"https:\/\/conselheirolafaiete.mg.gov.br\/v1\/wp-content\/uploads\/2018\/12\/139-Desist\u00eancia-PS-001-2018-SMS.pdf\">139 &#8211; Desist\u00eancia PS 001-2018-SMS<\/a><\/p>\n<p><a href=\"https:\/\/conselheirolafaiete.mg.gov.br\/v1\/wp-content\/uploads\/2018\/12\/162-Desist\u00eancia-PS-003-2018-SMS.pdf\">162 &#8211; Desist\u00eancia PS 003-2018-SMS<\/a><\/p>\n<p><a href=\"https:\/\/conselheirolafaiete.mg.gov.br\/v1\/wp-content\/uploads\/2018\/12\/184-Desist\u00eancia-PS-003-2018-SMS.pdf\">184 &#8211; Desist\u00eancia PS 003-2018-SMS<\/a><\/p>\n<p><a href=\"https:\/\/conselheirolafaiete.mg.gov.br\/v1\/wp-content\/uploads\/2018\/12\/217-DESIST\u00caNCIA-Processo-seletivo-Maria-do-Carmo-Pereira.pdf\">217- DESIST\u00caNCIA Processo seletivo Maria do Carmo Pereira<\/a><\/p>\n<p>&nbsp;<\/p>\n","protected":false},"excerpt":{"rendered":"<p>17 &#8211; DESIST\u00caNCIA PL ACS 24 &#8211; DESIST\u00caNCIA P.S 26 &#8211; DESIST\u00caNCIA PS 36 &#8211; DESIST\u00caNCIA PS 42 &#8211; DESIST\u00caNCIA PS 001-2017 43 &#8211; DESIST\u00caNCIA PS ACS 50 &#8211; DESIST\u00caNCIA PL ACS 54 &#8211; DESIST\u00caNCIA PS 001-2017 64 &#8211; DESIST\u00caNCIA PS 001-2017 72 &#8211; DESIST\u00caNCIA PS 001-2017 73 &#8211; DESIST\u00caNCIA PS 001-2017 74 &#8211; DESIST\u00caNCIA [&hellip;]<\/p>\n","protected":false},"author":2,"featured_media":0,"parent":0,"menu_order":0,"comment_status":"closed","ping_status":"closed","template":"","meta":{"footnotes":""},"class_list":["post-1722","page","type-page","status-publish","hentry"],"_links":{"self":[{"href":"https:\/\/conselheirolafaiete.mg.gov.br\/v1\/wp-json\/wp\/v2\/pages\/1722","targetHints":{"allow":["GET"]}}],"collection":[{"href":"https:\/\/conselheirolafaiete.mg.gov.br\/v1\/wp-json\/wp\/v2\/pages"}],"about":[{"href":"https:\/\/conselheirolafaiete.mg.gov.br\/v1\/wp-json\/wp\/v2\/types\/page"}],"author":[{"embeddable":true,"href":"https:\/\/conselheirolafaiete.mg.gov.br\/v1\/wp-json\/wp\/v2\/users\/2"}],"replies":[{"embeddable":true,"href":"https:\/\/conselheirolafaiete.mg.gov.br\/v1\/wp-json\/wp\/v2\/comments?post=1722"}],"version-history":[{"count":2,"href":"https:\/\/conselheirolafaiete.mg.gov.br\/v1\/wp-json\/wp\/v2\/pages\/1722\/revisions"}],"predecessor-version":[{"id":2051,"href":"https:\/\/conselheirolafaiete.mg.gov.br\/v1\/wp-json\/wp\/v2\/pages\/1722\/revisions\/2051"}],"wp:attachment":[{"href":"https:\/\/conselheirolafaiete.mg.gov.br\/v1\/wp-json\/wp\/v2\/media?parent=1722"}],"curies":[{"name":"wp","href":"https:\/\/api.w.org\/{rel}","templated":true}]}}