{"id":2011,"date":"2018-12-12T13:15:07","date_gmt":"2018-12-12T13:15:07","guid":{"rendered":"http:\/\/conselheirolafaiete.mg.gov.br\/v1\/?page_id=2011"},"modified":"2022-08-04T10:17:53","modified_gmt":"2022-08-04T13:17:53","slug":"abandono-de-emprego","status":"publish","type":"page","link":"https:\/\/conselheirolafaiete.mg.gov.br\/v1\/abandono-de-emprego\/","title":{"rendered":"Abandono de emprego"},"content":{"rendered":"<p><a href=\"https:\/\/conselheirolafaiete.mg.gov.br\/v1\/wp-content\/uploads\/2022\/08\/ABANDONO-CARGO-P\u00daBLICO-AOS-MARIA-APARECIDA-FERNANDES.pdf\">04\/08\/2022 &#8211; ABANDONO CARGO P\u00daBLICO &#8211; AOS &#8211; MARIA APARECIDA FERNANDES<\/a><\/p>\n<p><a href=\"https:\/\/conselheirolafaiete.mg.gov.br\/v1\/wp-content\/uploads\/2021\/03\/ABANDONO-CARGO-P\u00daBLICO-MOTORISTA-RODRIGO-AUGUSTO-FERNANDES.pdf\">18\/03\/2021 &#8211;\u00a0ABANDONO CARGO P\u00daBLICO &#8211; MOTORISTA &#8211; RODRIGO AUGUSTO FERNANDES<\/a><\/p>\n<p><a href=\"https:\/\/conselheirolafaiete.mg.gov.br\/v1\/wp-content\/uploads\/2019\/10\/ABANDONO-EMPREGO-P\u00daBLICO-AGENTE-DE-COMBATE-A-ENDEMIAS-TEXTO-JORNAL.pdf\">ABANDONO EMPREGO P\u00daBLICO &#8211; AGENTE DE COMBATE A ENDEMIAS<\/a><\/p>\n<p><a href=\"https:\/\/conselheirolafaiete.mg.gov.br\/v1\/wp-content\/uploads\/2019\/10\/ABANDONO-CARGO-P\u00daBLICO-TECNICO-EM-ENFERMAGEM-FABRICIO-ALVES-SOARES-TEXTO-JORNAL.pdf\">ABANDONO CARGO P\u00daBLICO &#8211; TECNICO EM ENFERMAGEM &#8211; FABRICIO ALVES SOARES<\/a><\/p>\n<p><a href=\"https:\/\/conselheirolafaiete.mg.gov.br\/v1\/wp-content\/uploads\/2019\/10\/OF\u00cdCIO-357-Imprensa-ABANDONO-FABR\u00cdCIO-ALVES-SOARES.pdf\">OF\u00cdCIO 357- Imprensa &#8211; ABANDONO &#8211; FABR\u00cdCIO ALVES SOARES<\/a><\/p>\n<p><a href=\"https:\/\/conselheirolafaiete.mg.gov.br\/v1\/wp-content\/uploads\/2019\/10\/OF\u00cdCIO-355-Imprensa-ABANDONO-ANGELICA-ROSA-DOS-SANTOS-ANTONIO-SEBASTIAO-DOS-SANTOS-E-DAYANE-FL\u00c1VIA-SIMOES-DOS-SANTOS.pdf\">OF\u00cdCIO 355- Imprensa &#8211; ABANDONO &#8211; ANGELICA ROSA DOS SANTOS, ANTONIO SEBASTIAO DOS SANTOS E DAYANE FL\u00c1VIA SIMOES DOS SANTOS<\/a><\/p>\n<p>230 &#8211; ABANDONO de emprego<\/p>\n<p><a href=\"https:\/\/conselheirolafaiete.mg.gov.br\/v1\/wp-content\/uploads\/2018\/12\/OF\u00cdCIO-198-Imprensa-ABANDONO-de-emprego-ALEX-GIOVANI-NONATO.pdf\">OF\u00cdCIO 198- Imprensa &#8211; ABANDONO de emprego &#8211; ALEX GIOVANI NONATO<\/a><\/p>\n<p><a href=\"https:\/\/conselheirolafaiete.mg.gov.br\/v1\/wp-content\/uploads\/2018\/12\/OF\u00cdCIO-158-Imprensa-ABANDONO-de-emprego-VANESSA-CASSIANA-DA-SILVA.pdf\">OF\u00cdCIO 158- Imprensa &#8211; ABANDONO de emprego &#8211; VANESSA CASSIANA DA SILVA<\/a><\/p>\n<p><a href=\"https:\/\/conselheirolafaiete.mg.gov.br\/v1\/wp-content\/uploads\/2018\/12\/OF\u00cdCIO-155-Imprensa-ABANDONO-de-emprego-LEIDYANNY-AGDA-JAKELINE-DE-FREITAS.pdf\">OF\u00cdCIO 155- Imprensa &#8211; ABANDONO de emprego &#8211; LEIDYANNY AGDA JAKELINE DE FREITAS<\/a><\/p>\n<p><a href=\"https:\/\/conselheirolafaiete.mg.gov.br\/v1\/wp-content\/uploads\/2018\/12\/OF\u00cdCIO-047-Imprensa-ABANDONO-MARILENE-ALBERTO-NEVES-VICENTE.pdf\">OF\u00cdCIO 047- Imprensa &#8211; ABANDONO &#8211; MARILENE ALBERTO NEVES VICENTE<\/a><\/p>\n","protected":false},"excerpt":{"rendered":"<p>04\/08\/2022 &#8211; ABANDONO CARGO P\u00daBLICO &#8211; AOS &#8211; MARIA APARECIDA FERNANDES 18\/03\/2021 &#8211;\u00a0ABANDONO CARGO P\u00daBLICO &#8211; MOTORISTA &#8211; RODRIGO AUGUSTO FERNANDES ABANDONO EMPREGO P\u00daBLICO &#8211; AGENTE DE COMBATE A ENDEMIAS ABANDONO CARGO P\u00daBLICO &#8211; TECNICO EM ENFERMAGEM &#8211; FABRICIO ALVES SOARES OF\u00cdCIO 357- Imprensa &#8211; ABANDONO &#8211; FABR\u00cdCIO ALVES SOARES OF\u00cdCIO 355- Imprensa &#8211; ABANDONO [&hellip;]<\/p>\n","protected":false},"author":1,"featured_media":0,"parent":0,"menu_order":0,"comment_status":"closed","ping_status":"closed","template":"","meta":{"footnotes":""},"class_list":["post-2011","page","type-page","status-publish","hentry"],"_links":{"self":[{"href":"https:\/\/conselheirolafaiete.mg.gov.br\/v1\/wp-json\/wp\/v2\/pages\/2011","targetHints":{"allow":["GET"]}}],"collection":[{"href":"https:\/\/conselheirolafaiete.mg.gov.br\/v1\/wp-json\/wp\/v2\/pages"}],"about":[{"href":"https:\/\/conselheirolafaiete.mg.gov.br\/v1\/wp-json\/wp\/v2\/types\/page"}],"author":[{"embeddable":true,"href":"https:\/\/conselheirolafaiete.mg.gov.br\/v1\/wp-json\/wp\/v2\/users\/1"}],"replies":[{"embeddable":true,"href":"https:\/\/conselheirolafaiete.mg.gov.br\/v1\/wp-json\/wp\/v2\/comments?post=2011"}],"version-history":[{"count":8,"href":"https:\/\/conselheirolafaiete.mg.gov.br\/v1\/wp-json\/wp\/v2\/pages\/2011\/revisions"}],"predecessor-version":[{"id":12253,"href":"https:\/\/conselheirolafaiete.mg.gov.br\/v1\/wp-json\/wp\/v2\/pages\/2011\/revisions\/12253"}],"wp:attachment":[{"href":"https:\/\/conselheirolafaiete.mg.gov.br\/v1\/wp-json\/wp\/v2\/media?parent=2011"}],"curies":[{"name":"wp","href":"https:\/\/api.w.org\/{rel}","templated":true}]}}