{"id":244,"date":"2018-11-28T15:54:07","date_gmt":"2018-11-28T15:54:07","guid":{"rendered":"http:\/\/conselheirolafaiete.mg.gov.br\/v1\/?page_id=244"},"modified":"2020-11-26T13:20:36","modified_gmt":"2020-11-26T15:20:36","slug":"diversos","status":"publish","type":"page","link":"https:\/\/conselheirolafaiete.mg.gov.br\/v1\/diversos\/","title":{"rendered":"Diversos"},"content":{"rendered":"<p><a href=\"https:\/\/conselheirolafaiete.mg.gov.br\/v1\/wp-content\/uploads\/2020\/11\/Edital-de-Publica\u00e7\u00e3o-Processo-de-Regulariza\u00e7ao-de-Fundi\u00e1ria-Bairro-Nossa-Senhora-da-Guia.pdf\">26\/11\/2020 &#8211; Edital de Publica\u00e7\u00e3o Processo de Regulariza\u00e7ao de Fundi\u00e1ria &#8211; Bairro Nossa Senhora da Guia<\/a><\/p>\n<p><a href=\"https:\/\/conselheirolafaiete.mg.gov.br\/v1\/wp-content\/uploads\/2020\/01\/EDITAL.pdf\">21\/01\/2020 &#8211; Edital conselho de saneamento<\/a><\/p>\n<p><a href=\"https:\/\/conselheirolafaiete.mg.gov.br\/v1\/wp-content\/uploads\/2019\/09\/PLANO-CONSTRU\u00c7\u00c3O-CIVIL.pdf\">30\/09\/2019 &#8211; PLANO CONSTRU\u00c7\u00c3O CIVIL<\/a><\/p>\n<p><a href=\"https:\/\/conselheirolafaiete.mg.gov.br\/v1\/wp-content\/uploads\/2019\/08\/PROC.ADM-Ex-RELAT\u00d3RIO-PARECER-disciplinar-portaria-n942-DE-26-DE-DEZEMBRO-DE-2018-agosto-de-2019-conclus\u00e3o.pdf\">21\/08\/2019 &#8211; PROC.ADM Ex &#8211; RELAT\u00d3RIO-PARECER- disciplinar portaria n942, DE 26 DE DEZEMBRO DE 2018- agosto de 2019 conclus\u00e3o<\/a><\/p>\n<p><a href=\"https:\/\/conselheirolafaiete.mg.gov.br\/v1\/wp-content\/uploads\/2019\/05\/TERMO-DE-CONVOCA\u00c7\u00c3O-IMPRENSA.pdf\">10\/05\/2019 &#8211; TERMO DE CONVOCA\u00c7\u00c3O Cemit\u00e9rio vale do Ip\u00ea<\/a><\/p>\n<p><a href=\"https:\/\/conselheirolafaiete.mg.gov.br\/v1\/wp-content\/uploads\/2019\/04\/Ata-de-reuni\u00e3o-Minist\u00e9rio-P\u00fablico-sobre-local-de-com\u00edcio.pdf\">02\/04\/2019 &#8211;\u00a0Ata de reuni\u00e3o &#8211; Minist\u00e9rio P\u00fablico sobre local de com\u00edcio<\/a><\/p>\n<p><a href=\"https:\/\/conselheirolafaiete.mg.gov.br\/v1\/wp-content\/uploads\/2019\/01\/comiss\u00e3o-de-avalia\u00e7\u00e3o-e-julgamento-de-processo-seletivo-simplificado-semed1.pdf\">Comiss\u00e3o de avalia\u00e7\u00e3o e julgamento de processo seletivo simplificado semed1<\/a><\/p>\n<p><a href=\"https:\/\/conselheirolafaiete.mg.gov.br\/v1\/wp-content\/uploads\/2019\/01\/comiss\u00e3o-de-avalia\u00e7\u00e3o-e-julgamento-de-processo-seletivo-simplificado-semed2.pdf\">Comiss\u00e3o de avalia\u00e7\u00e3o e julgamento de processo seletivo simplificado semed2<\/a><\/p>\n<p><a href=\"https:\/\/conselheirolafaiete.mg.gov.br\/v1\/wp-content\/uploads\/2019\/01\/CMDPD-Edital-2019.pdf\">CMDPD Edital 2019<\/a><\/p>\n<p><a href=\"https:\/\/conselheirolafaiete.mg.gov.br\/v1\/wp-content\/uploads\/2018\/12\/99-1\u00aa-PUBLICA\u00c7\u00c3O-FALTOSO-MARCO-ANTONIO-PEREIRA.pdf\">99 1\u00aa PUBLICA\u00c7\u00c3O FALTOSO MARCO ANTONIO PEREIRA<\/a><\/p>\n<p><a href=\"https:\/\/conselheirolafaiete.mg.gov.br\/v1\/wp-content\/uploads\/2018\/12\/112-2\u00aa-PUBLICA\u00c7\u00c3O-FALTOSO-MARCO-ANTONIO-PEREIRA.pdf\">112 2\u00aa PUBLICA\u00c7\u00c3O FALTOSO MARCO ANTONIO PEREIRA<\/a><\/p>\n<p><a href=\"https:\/\/conselheirolafaiete.mg.gov.br\/v1\/wp-content\/uploads\/2018\/12\/113-1\u00aa-PUBLICA\u00c7\u00c3O-FALTOSO-FABIANO-DE-ALMEIDA-MOREIRA.pdf\">113 1\u00aa PUBLICA\u00c7\u00c3O FALTOSO FABIANO DE ALMEIDA MOREIRA<\/a><\/p>\n<p><a href=\"https:\/\/conselheirolafaiete.mg.gov.br\/v1\/wp-content\/uploads\/2018\/12\/119-CONVOCA\u00c7\u00c3O-PARA-EVENTO-DOS-SINDICATOS.pdf\">119 CONVOCA\u00c7\u00c3O PARA EVENTO DOS SINDICATOS<\/a><\/p>\n<p><a href=\"https:\/\/conselheirolafaiete.mg.gov.br\/v1\/wp-content\/uploads\/2018\/12\/128-3\u00aa-PUBLICA\u00c7\u00c3O-FALTOSO-MARCO-ANTONIO-PEREIRA.pdf\">128 3\u00aa PUBLICA\u00c7\u00c3O FALTOSO MARCO ANTONIO PEREIRA<\/a><\/p>\n<p><a href=\"https:\/\/conselheirolafaiete.mg.gov.br\/v1\/wp-content\/uploads\/2018\/12\/129-2\u00aa-PUBLICA\u00c7\u00c3O-FALTOSO-FABIANO-DE-ALMEIDA-MOREIRA.pdf\">129 2\u00aa PUBLICA\u00c7\u00c3O FALTOSO FABIANO DE ALMEIDA MOREIRA<\/a><\/p>\n<p><a href=\"https:\/\/conselheirolafaiete.mg.gov.br\/v1\/wp-content\/uploads\/2018\/12\/145-3\u00aa-PUBLICA\u00c7\u00c3O-FALTOSO-FABIANO-DE-ALMEIDA-MOREIRA.pdf\">145 3\u00aa PUBLICA\u00c7\u00c3O FALTOSO FABIANO DE ALMEIDA MOREIRA<\/a><\/p>\n<p><a href=\"https:\/\/conselheirolafaiete.mg.gov.br\/v1\/wp-content\/uploads\/2018\/12\/198-ABANDONO-de-emprego-ALEX-GIOVANI-NONATO.pdf\">198 &#8211; ABANDONO de emprego &#8211; ALEX GIOVANI NONATO<\/a><\/p>\n<p><a href=\"https:\/\/conselheirolafaiete.mg.gov.br\/v1\/wp-content\/uploads\/2018\/12\/390-CONVOCA\u00c7\u00c3O-estag.-seg.-trabalho.pdf\">390 &#8211; CONVOCA\u00c7\u00c3O &#8211; estag. seg. trabalho<\/a><\/p>\n<p><a href=\"https:\/\/conselheirolafaiete.mg.gov.br\/v1\/wp-content\/uploads\/2018\/12\/398-IMPRENSA-DESISTENCIA-ESTAGI\u00c1RIO-ENG.-SEG.-TRABALHO.pdf\">398 IMPRENSA &#8211; DESISTENCIA &#8211; ESTAGI\u00c1RIO ENG. SEG. TRABALHO<\/a><\/p>\n<p><a href=\"https:\/\/conselheirolafaiete.mg.gov.br\/v1\/wp-content\/uploads\/2018\/12\/OF\u00cdCIO-033-IMPRENSA-CONVOCA\u00c7\u00c3O-PROCESSO-SELETIVO-01-2017-ESPORTES.pdf\">OF\u00cdCIO 033 &#8211; IMPRENSA &#8211; CONVOCA\u00c7\u00c3O PROCESSO SELETIVO 01-2017 &#8211; ESPORTES<\/a><\/p>\n<p><a href=\"https:\/\/conselheirolafaiete.mg.gov.br\/v1\/wp-content\/uploads\/2018\/12\/OF\u00cdCIO-047-Imprensa-ABANDONO-MARILENE-ALBERTO-NEVES-VICENTE.pdf\">OF\u00cdCIO 047- Imprensa &#8211; ABANDONO &#8211; MARILENE ALBERTO NEVES VICENTE<\/a><\/p>\n<p><a href=\"https:\/\/conselheirolafaiete.mg.gov.br\/v1\/wp-content\/uploads\/2018\/12\/OF\u00cdCIO-088-IMPRENSA-CONVOCA\u00c7\u00c3O-processo-seletivo-saude.pdf\">OF\u00cdCIO 088 &#8211; IMPRENSA &#8211; CONVOCA\u00c7\u00c3O processo seletivo saude<\/a><\/p>\n<p><a href=\"https:\/\/conselheirolafaiete.mg.gov.br\/v1\/wp-content\/uploads\/2018\/12\/OF\u00cdCIO-155-Imprensa-ABANDONO-de-emprego-LEIDYANNY-AGDA-JAKELINE-DE-FREITAS.pdf\">OF\u00cdCIO 155- Imprensa &#8211; ABANDONO de emprego &#8211; LEIDYANNY AGDA JAKELINE DE FREITAS<\/a><\/p>\n<p><a href=\"https:\/\/conselheirolafaiete.mg.gov.br\/v1\/wp-content\/uploads\/2018\/12\/OF\u00cdCIO-158-Imprensa-ABANDONO-de-emprego-VANESSA-CASSIANA-DA-SILVA.pdf\">OF\u00cdCIO 158- Imprensa &#8211; ABANDONO de emprego &#8211; VANESSA CASSIANA DA SILVA<\/a><\/p>\n<p><a href=\"https:\/\/conselheirolafaiete.mg.gov.br\/v1\/wp-content\/uploads\/2018\/12\/OF\u00cdCIO-195-IMPRENSA-CONVOCA\u00c7\u00c3O-processo-seletivo-saude.pdf\">OF\u00cdCIO 195 &#8211; IMPRENSA &#8211; CONVOCA\u00c7\u00c3O processo seletivo saude<\/a><\/p>\n<p><a href=\"https:\/\/conselheirolafaiete.mg.gov.br\/v1\/wp-content\/uploads\/2018\/12\/OF\u00cdCIO-196-IMPRENSA-CONVOCA\u00c7\u00c3O-processo-seletivo-saude.pdf\">OF\u00cdCIO 196 &#8211; IMPRENSA &#8211; CONVOCA\u00c7\u00c3O processo seletivo saude<\/a><\/p>\n<p><a href=\"https:\/\/conselheirolafaiete.mg.gov.br\/v1\/wp-content\/uploads\/2018\/12\/OF\u00cdCIO-198-Imprensa-ABANDONO-de-emprego-ALEX-GIOVANI-NONATO.pdf\">OF\u00cdCIO 198- Imprensa &#8211; ABANDONO de emprego &#8211; ALEX GIOVANI NONATO<\/a><\/p>\n<p><a href=\"https:\/\/conselheirolafaiete.mg.gov.br\/v1\/wp-content\/uploads\/2018\/12\/Of\u00edcio-352-Imprensa-servidores-licen\u00e7a-sem-vencimento-e-faltosos.pdf\">Of\u00edcio 352- Imprensa servidores licen\u00e7a sem vencimento e faltosos<\/a><\/p>\n<p><a href=\"https:\/\/conselheirolafaiete.mg.gov.br\/v1\/wp-content\/uploads\/2018\/12\/oficio-368-2014-IMPRENSA-CONVOCA\u00c7\u00c3O-DE-SERVIDORES-T\u00c9RMINO-LICEN\u00c7A-SEM-VENCIMENTO.pdf\">oficio 368-2014 &#8211; IMPRENSA &#8211; CONVOCA\u00c7\u00c3O DE SERVIDORES T\u00c9RMINO LICEN\u00c7A SEM VENCIMENTO<\/a><\/p>\n","protected":false},"excerpt":{"rendered":"<p>26\/11\/2020 &#8211; Edital de Publica\u00e7\u00e3o Processo de Regulariza\u00e7ao de Fundi\u00e1ria &#8211; Bairro Nossa Senhora da Guia 21\/01\/2020 &#8211; Edital conselho de saneamento 30\/09\/2019 &#8211; PLANO CONSTRU\u00c7\u00c3O CIVIL 21\/08\/2019 &#8211; PROC.ADM Ex &#8211; RELAT\u00d3RIO-PARECER- disciplinar portaria n942, DE 26 DE DEZEMBRO DE 2018- agosto de 2019 conclus\u00e3o 10\/05\/2019 &#8211; TERMO DE CONVOCA\u00c7\u00c3O Cemit\u00e9rio vale do Ip\u00ea [&hellip;]<\/p>\n","protected":false},"author":1,"featured_media":0,"parent":0,"menu_order":0,"comment_status":"closed","ping_status":"closed","template":"","meta":{"footnotes":""},"class_list":["post-244","page","type-page","status-publish","hentry"],"_links":{"self":[{"href":"https:\/\/conselheirolafaiete.mg.gov.br\/v1\/wp-json\/wp\/v2\/pages\/244","targetHints":{"allow":["GET"]}}],"collection":[{"href":"https:\/\/conselheirolafaiete.mg.gov.br\/v1\/wp-json\/wp\/v2\/pages"}],"about":[{"href":"https:\/\/conselheirolafaiete.mg.gov.br\/v1\/wp-json\/wp\/v2\/types\/page"}],"author":[{"embeddable":true,"href":"https:\/\/conselheirolafaiete.mg.gov.br\/v1\/wp-json\/wp\/v2\/users\/1"}],"replies":[{"embeddable":true,"href":"https:\/\/conselheirolafaiete.mg.gov.br\/v1\/wp-json\/wp\/v2\/comments?post=244"}],"version-history":[{"count":15,"href":"https:\/\/conselheirolafaiete.mg.gov.br\/v1\/wp-json\/wp\/v2\/pages\/244\/revisions"}],"predecessor-version":[{"id":5981,"href":"https:\/\/conselheirolafaiete.mg.gov.br\/v1\/wp-json\/wp\/v2\/pages\/244\/revisions\/5981"}],"wp:attachment":[{"href":"https:\/\/conselheirolafaiete.mg.gov.br\/v1\/wp-json\/wp\/v2\/media?parent=244"}],"curies":[{"name":"wp","href":"https:\/\/api.w.org\/{rel}","templated":true}]}}