{"id":345,"date":"2018-11-28T16:56:56","date_gmt":"2018-11-28T16:56:56","guid":{"rendered":"http:\/\/conselheirolafaiete.mg.gov.br\/v1\/?page_id=345"},"modified":"2018-11-28T17:37:54","modified_gmt":"2018-11-28T17:37:54","slug":"leis-2017","status":"publish","type":"page","link":"https:\/\/conselheirolafaiete.mg.gov.br\/v1\/leis-2017\/","title":{"rendered":"Leis 2017"},"content":{"rendered":"<p><a href=\"https:\/\/conselheirolafaiete.mg.gov.br\/v1\/wp-content\/uploads\/2018\/11\/Lei-Municipal-5.889-dia-do-psicanalista.pdf\">Lei Municipal 5.889 dia do psicanalista<\/a><\/p>\n<p><a href=\"https:\/\/conselheirolafaiete.mg.gov.br\/v1\/wp-content\/uploads\/2018\/11\/Lei-Municipal-5.888-ecotres.pdf\">Lei Municipal 5.888 ecotres<\/a><\/p>\n<p><a href=\"https:\/\/conselheirolafaiete.mg.gov.br\/v1\/wp-content\/uploads\/2018\/11\/Lei-Municipal-5.887-conselho-municipal-de-politica-cultural.pdf\">Lei Municipal 5.887 conselho municipal de politica cultural<\/a><\/p>\n<p><a href=\"https:\/\/conselheirolafaiete.mg.gov.br\/v1\/wp-content\/uploads\/2018\/11\/Lei-Municipal-5.886-feriados-municipais-de-2018.pdf\">Lei Municipal 5.886 feriados municipais de 2018<\/a><\/p>\n<p><a href=\"https:\/\/conselheirolafaiete.mg.gov.br\/v1\/wp-content\/uploads\/2018\/11\/Lei-Municipal-5.885-abertura-de-cr\u00e9ditos-adicionais-suplementares.pdf\">Lei Municipal 5.885 abertura de cr\u00e9ditos adicionais suplementares<\/a><\/p>\n<p><a href=\"https:\/\/conselheirolafaiete.mg.gov.br\/v1\/wp-content\/uploads\/2018\/11\/Lei-Municipal-5.884-estima-a-receita-e-fixa-a-despesa-para-o-exercicio-financeiro-2018.pdf\">Lei Municipal 5.884 estima a receita e fixa a despesa para o exercicio financeiro 2018<\/a><\/p>\n<p><a href=\"https:\/\/conselheirolafaiete.mg.gov.br\/v1\/wp-content\/uploads\/2018\/11\/Lei-Municipal-5.883-DISP\u00d5E-SOBRE-O-PLANO-PLURIANUAL-PPA-QUADRI\u00caNIO-2018-A-2021.pdf\">Lei Municipal 5.883 DISP\u00d5E SOBRE O PLANO PLURIANUAL &#8211; PPA QUADRI\u00caNIO 2018 A 2021<\/a><\/p>\n<p><a href=\"https:\/\/conselheirolafaiete.mg.gov.br\/v1\/wp-content\/uploads\/2018\/11\/Lei-Municipal-5.882-denomina\u00e7\u00e3o-das-ruas-do-bairro-s\u00e3o-jorge.pdf\">Lei Municipal 5.882 denomina\u00e7\u00e3o das ruas do bairro s\u00e3o jorge<\/a><\/p>\n<p><a href=\"https:\/\/conselheirolafaiete.mg.gov.br\/v1\/wp-content\/uploads\/2018\/11\/Lei-Municipal-5.882-denomina\u00e7\u00e3o-das-ruas-do-bairro-s\u00e3o-jorge-C\u00f3pia.pdf\">Lei Municipal 5.882 denomina\u00e7\u00e3o das ruas do bairro s\u00e3o jorge &#8211; C\u00f3pia<\/a><\/p>\n<p><a href=\"https:\/\/conselheirolafaiete.mg.gov.br\/v1\/wp-content\/uploads\/2018\/11\/Lei-Municipal-5.881-para-lei-complementar-99-ERRATA.pdf\">Lei Municipal 5.881 para lei complementar 99 ERRATA<\/a><\/p>\n<p><a href=\"https:\/\/conselheirolafaiete.mg.gov.br\/v1\/wp-content\/uploads\/2018\/11\/Lei-Municipal-5.881-INSTITUI-ESTATUTO-GRUPO-GESTOR-PRACA-CEUS.pdf\">Lei Municipal 5.881 INSTITUI ESTATUTO GRUPO GESTOR PRACA CEUS<\/a><\/p>\n<p><a href=\"https:\/\/conselheirolafaiete.mg.gov.br\/v1\/wp-content\/uploads\/2018\/11\/Lei-Municipal-5.881-ERRADA-COMPLEMENTATAR-99-taxa-servi\u00e7o-p\u00fablico.pdf\">Lei Municipal 5.881 ERRADA COMPLEMENTATAR 99 taxa servi\u00e7o p\u00fablico<\/a><\/p>\n<p><a href=\"https:\/\/conselheirolafaiete.mg.gov.br\/v1\/wp-content\/uploads\/2018\/11\/Lei-Municipal-5.880-abertura-de-cr\u00e9ditos-adicionais-suplementares-hospitais.pdf\">Lei Municipal 5.880 abertura de cr\u00e9ditos adicionais suplementares hospitais<\/a><\/p>\n<p><a href=\"https:\/\/conselheirolafaiete.mg.gov.br\/v1\/wp-content\/uploads\/2018\/11\/Lei-Municipal-5.879-conselho-da-juventude.pdf\">Lei Municipal 5.879 conselho da juventude<\/a><\/p>\n<p><a href=\"https:\/\/conselheirolafaiete.mg.gov.br\/v1\/wp-content\/uploads\/2018\/11\/Lei-Municipal-5.878-altera-o-art.-5-da-Lei-5.220-de-2010-pol\u00edtica-antibullying.pdf\">Lei Municipal 5.878 altera o art. 5 da Lei 5.220 de 2010 pol\u00edtica antibullying<\/a><\/p>\n<p><a href=\"https:\/\/conselheirolafaiete.mg.gov.br\/v1\/wp-content\/uploads\/2018\/11\/Lei-Municipal-5.876-espectro-autista.pdf\">Lei Municipal 5.876 espectro autista<\/a><\/p>\n<p><a href=\"https:\/\/conselheirolafaiete.mg.gov.br\/v1\/wp-content\/uploads\/2018\/11\/Lei-Municipal-5.875-constru\u00e7\u00e3o-de-muro-e-passeio.pdf\">Lei Municipal 5.875 constru\u00e7\u00e3o de muro e passeio<\/a><\/p>\n<p><a href=\"https:\/\/conselheirolafaiete.mg.gov.br\/v1\/wp-content\/uploads\/2018\/11\/Lei-Municipal-5.874-da-nova-reda\u00e7\u00e3o-ao-artigo-10-da-Lei-5266.pdf\">Lei Municipal 5.874 da nova reda\u00e7\u00e3o ao artigo 10 da Lei 5266<\/a><\/p>\n<p><a href=\"https:\/\/conselheirolafaiete.mg.gov.br\/v1\/wp-content\/uploads\/2018\/11\/Lei-Municipal-5.873-regulariza-denomina\u00e7\u00e3o-da-Rua-da-Paci\u00eancia.pdf\">Lei Municipal 5.873 regulariza denomina\u00e7\u00e3o da Rua da Paci\u00eancia<\/a><\/p>\n<p><a href=\"https:\/\/conselheirolafaiete.mg.gov.br\/v1\/wp-content\/uploads\/2018\/11\/Lei-Municipal-5.871-altera-lei-5.230-de-2010.pdf\">Lei Municipal 5.871 altera lei 5.230 de 2010<\/a><\/p>\n<p><a href=\"https:\/\/conselheirolafaiete.mg.gov.br\/v1\/wp-content\/uploads\/2018\/11\/Lei-Municipal-5.870-autoriza-o-munic\u00edpio-a-quitar-multas-decorrentes-de-infra\u00e7\u00e3o-de-tr\u00e2nsito.pdf\">Lei Municipal 5.870 autoriza o munic\u00edpio a quitar multas decorrentes de infra\u00e7\u00e3o de tr\u00e2nsito<\/a><\/p>\n<p><a href=\"https:\/\/conselheirolafaiete.mg.gov.br\/v1\/wp-content\/uploads\/2018\/11\/Lei-Municipal-5.869-ALTERA-REDA\u00c7\u00c3O-DO-ARTIGO-11-DA-LEI-No-5.023-2008.pdf\">Lei Municipal 5.869 ALTERA REDA\u00c7\u00c3O DO ARTIGO 11 DA LEI No 5.023 2008<\/a><\/p>\n<p><a href=\"https:\/\/conselheirolafaiete.mg.gov.br\/v1\/wp-content\/uploads\/2018\/11\/Lei-Municipal-5.868-LDO-2018.pdf\">Lei Municipal 5.868 LDO 2018<\/a><\/p>\n<p><a href=\"https:\/\/conselheirolafaiete.mg.gov.br\/v1\/wp-content\/uploads\/2018\/11\/Lei-Municipal-5.867PLANO-RES\u00cdDUOS-S\u00d3LIDOS-URBANOS.pdf\">Lei Municipal 5.867PLANO RES\u00cdDUOS S\u00d3LIDOS URBANOS<\/a><\/p>\n<p><a href=\"https:\/\/conselheirolafaiete.mg.gov.br\/v1\/wp-content\/uploads\/2018\/11\/Lei-Municipal-5.867-Institui-o-plano-municipal-de-gest\u00e3o-integrada-de-res\u00edduos-s\u00f3lidos-urbanos.pdf\">Lei Municipal 5.867 Institui o plano municipal de gest\u00e3o integrada de res\u00edduos s\u00f3lidos urbanos<\/a><\/p>\n<p><a href=\"https:\/\/conselheirolafaiete.mg.gov.br\/v1\/wp-content\/uploads\/2018\/11\/Lei-Municipal-5.867-Anexo-Capa-DO-PLANO-INTEGRADO-DE-RES\u00cdDUOS-S\u00d3LIDOS-URBANOS-1.pdf\">Lei Municipal 5.867 Anexo-Capa DO PLANO INTEGRADO DE RES\u00cdDUOS S\u00d3LIDOS URBANOS (1)<\/a><\/p>\n<p><a href=\"https:\/\/conselheirolafaiete.mg.gov.br\/v1\/wp-content\/uploads\/2018\/11\/Lei-Municipal-5.866-Institui-o-plano-de-gerencimento-de-res\u00edduos-da-construi\u00e7\u00e3o-civil.pdf\">Lei Municipal 5.866 Institui o plano de gerencimento de res\u00edduos da construi\u00e7\u00e3o civil<\/a><\/p>\n<p><a href=\"https:\/\/conselheirolafaiete.mg.gov.br\/v1\/wp-content\/uploads\/2018\/11\/Lei-Municipal-5.866-ANEXO-PLANO-CONSTRU\u00c7\u00c3O-CIVIL-1.pdf\">Lei Municipal 5.866 ANEXO- PLANO CONSTRU\u00c7\u00c3O CIVIL (1)<\/a><\/p>\n<p><a href=\"https:\/\/conselheirolafaiete.mg.gov.br\/v1\/wp-content\/uploads\/2018\/11\/Lei-Municipal-5.864-DA-DENOMINA\u00c7\u00c3O-RUA-MILTON-PEREIRA-LEMOS.pdf\">Lei Municipal 5.864 DA DENOMINA\u00c7\u00c3O RUA MILTON PEREIRA LEMOS<\/a><\/p>\n<p><a href=\"https:\/\/conselheirolafaiete.mg.gov.br\/v1\/wp-content\/uploads\/2018\/11\/Lei-Municipal-5.863-DA-DENOMINA\u00c7\u00c3O.pdf\">Lei Municipal 5.863 DA DENOMINA\u00c7\u00c3O<\/a><\/p>\n<p><a href=\"https:\/\/conselheirolafaiete.mg.gov.br\/v1\/wp-content\/uploads\/2018\/11\/Lei-Municipal-5.862-DA-DENOMINA\u00c7\u00c3O.pdf\">Lei Municipal 5.862 DA DENOMINA\u00c7\u00c3O<\/a><\/p>\n<p><a href=\"https:\/\/conselheirolafaiete.mg.gov.br\/v1\/wp-content\/uploads\/2018\/11\/Lei-Municipal-5.861-reajuste-vencimentos.pdf\">Lei Municipal 5.861 reajuste vencimentos<\/a><\/p>\n<p><a href=\"https:\/\/conselheirolafaiete.mg.gov.br\/v1\/wp-content\/uploads\/2018\/11\/Lei-Municipal-5.860-c\u00e2mara.pdf\">Lei Municipal 5.860 c\u00e2mara<\/a><\/p>\n<p><a href=\"https:\/\/conselheirolafaiete.mg.gov.br\/v1\/wp-content\/uploads\/2018\/11\/Lei-Municipal-5.859-declara-utilidade-p\u00fablica-Ass.-Moradores-Santa-Maria.pdf\">Lei Municipal 5.859 declara utilidade p\u00fablica Ass. Moradores Santa Maria<\/a><\/p>\n<p><a href=\"https:\/\/conselheirolafaiete.mg.gov.br\/v1\/wp-content\/uploads\/2018\/11\/Lei-Municipal-5.858-declara-utilidade-p\u00fablica-ARER\u00ca.pdf\">Lei Municipal 5.858 declara utilidade p\u00fablica ARER\u00ca<\/a><\/p>\n<p><a href=\"https:\/\/conselheirolafaiete.mg.gov.br\/v1\/wp-content\/uploads\/2018\/11\/Lei-Municipal-5.857-cria-elemento-de-despesa-esporte.pdf\">Lei Municipal 5.857 cria elemento de despesa esporte<\/a><\/p>\n<p><a href=\"https:\/\/conselheirolafaiete.mg.gov.br\/v1\/wp-content\/uploads\/2018\/11\/Lei-Municipal-5.856-altera-denomina\u00e7\u00e3o-de-prolongamento-para-luiz-radames.pdf\">Lei Municipal 5.856 altera denomina\u00e7\u00e3o de prolongamento para luiz radames<\/a><\/p>\n<p><a href=\"https:\/\/conselheirolafaiete.mg.gov.br\/v1\/wp-content\/uploads\/2018\/11\/Lei-Municipal-5.855-inclui-no-or\u00e7amento-vigente-dota\u00e7\u00e3o-subvencional-para-hospitais.pdf\">Lei Municipal 5.855 inclui no or\u00e7amento vigente dota\u00e7\u00e3o subvencional para hospitais<\/a><\/p>\n<p><a href=\"https:\/\/conselheirolafaiete.mg.gov.br\/v1\/wp-content\/uploads\/2018\/11\/Lei-Municipal-5.853-autoriza-regularizar-obras-e-edifica\u00e7\u00f5es-h.pdf\">Lei Municipal 5.853 autoriza regularizar obras e edifica\u00e7\u00f5es h<\/a><\/p>\n<p><a href=\"https:\/\/conselheirolafaiete.mg.gov.br\/v1\/wp-content\/uploads\/2018\/11\/Lei-Municipal-5.852-vinculadoTermo-Associativo-Circuito-Villas-e-Fazendas-anexo-Lei-5852.pdf\">Lei Municipal 5.852 vinculadoTermo Associativo Circuito Villas e Fazendas anexo Lei 5852<\/a><\/p>\n<p><a href=\"https:\/\/conselheirolafaiete.mg.gov.br\/v1\/wp-content\/uploads\/2018\/11\/Lei-Municipal-5.852-villas-e-fazendas.pdf\">Lei Municipal 5.852 villas e fazendas<\/a><\/p>\n<p><a href=\"https:\/\/conselheirolafaiete.mg.gov.br\/v1\/wp-content\/uploads\/2018\/11\/Lei-Municipal-5.851-declara-utilidade-p\u00fablica-amigos-da-sa\u00fade.pdf\">Lei Municipal 5.851 declara utilidade p\u00fablica amigos da sa\u00fade<\/a><\/p>\n<p><a href=\"https:\/\/conselheirolafaiete.mg.gov.br\/v1\/wp-content\/uploads\/2018\/11\/Lei-Municipal-5.850-declara-utilidade-p\u00fablica-associa\u00e7\u00e3o-ornitol\u00f3gica.pdf\">Lei Municipal 5.850 declara utilidade p\u00fablica associa\u00e7\u00e3o ornitol\u00f3gica<\/a><\/p>\n<p><a href=\"https:\/\/conselheirolafaiete.mg.gov.br\/v1\/wp-content\/uploads\/2018\/11\/Lei-complementar-101-iss.pdf\">Lei complementar 101 iss<\/a><\/p>\n<p><a href=\"https:\/\/conselheirolafaiete.mg.gov.br\/v1\/wp-content\/uploads\/2018\/11\/Lei-complementar-101-DISP\u00d5E-SOBRE-O-IMPOSTO-SOBRE-SERVI\u00c7OS-DE-QUALQUER-NATUREZA-\u2013-ISSQN-REVOGA-A-LEI-COMPLEMENTAR-N\u00b0-22.pdf\">Lei complementar 101 DISP\u00d5E SOBRE O IMPOSTO SOBRE SERVI\u00c7OS DE QUALQUER NATUREZA \u2013 ISSQN, REVOGA A LEI COMPLEMENTAR N\u00b0 22<\/a><\/p>\n<p><a href=\"https:\/\/conselheirolafaiete.mg.gov.br\/v1\/wp-content\/uploads\/2018\/11\/Lei-complementar-100-taxa-vigil\u00e2ncia-sanit\u00e1ria.pdf\">Lei complementar 100 taxa vigil\u00e2ncia sanit\u00e1ria<\/a><\/p>\n<p><a href=\"https:\/\/conselheirolafaiete.mg.gov.br\/v1\/wp-content\/uploads\/2018\/11\/Lei-complementar-99-taxa-servi\u00e7o-p\u00fablico.pdf\">Lei complementar 99 taxa servi\u00e7o p\u00fablico<\/a><\/p>\n<p><a href=\"https:\/\/conselheirolafaiete.mg.gov.br\/v1\/wp-content\/uploads\/2018\/11\/Lei-Complementar-98-altera-reda\u00e7\u00e3o-da-LC-n\u00ba-63.pdf\">Lei Complementar 98 altera reda\u00e7\u00e3o da LC n\u00ba 63<\/a><\/p>\n<p><a href=\"https:\/\/conselheirolafaiete.mg.gov.br\/v1\/wp-content\/uploads\/2018\/11\/Lei-Complementar-97-que-altera-art.-4-da-LC-95-Refis.pdf\">Lei Complementar 97 que altera art. 4 da LC 95 &#8211; Refis<\/a><\/p>\n<p><a href=\"https:\/\/conselheirolafaiete.mg.gov.br\/v1\/wp-content\/uploads\/2018\/11\/Lei-Complementar-96-CONCEDE-NOVO-PRAZO-DISTRIBUIDORA-DOCES-S\u00c3O-JO\u00c3O.pdf\">Lei Complementar 96 CONCEDE NOVO PRAZO DISTRIBUIDORA DOCES S\u00c3O JO\u00c3O<\/a><\/p>\n<p><a href=\"https:\/\/conselheirolafaiete.mg.gov.br\/v1\/wp-content\/uploads\/2018\/11\/Lei-Complementar-95-REFIS.pdf\">Lei Complementar 95 REFIS<\/a><\/p>\n","protected":false},"excerpt":{"rendered":"<p>Lei Municipal 5.889 dia do psicanalista Lei Municipal 5.888 ecotres Lei Municipal 5.887 conselho municipal de politica cultural Lei Municipal 5.886 feriados municipais de 2018 Lei Municipal 5.885 abertura de cr\u00e9ditos adicionais suplementares Lei Municipal 5.884 estima a receita e fixa a despesa para o exercicio financeiro 2018 Lei Municipal 5.883 DISP\u00d5E SOBRE O PLANO [&hellip;]<\/p>\n","protected":false},"author":2,"featured_media":0,"parent":0,"menu_order":0,"comment_status":"closed","ping_status":"closed","template":"","meta":{"footnotes":""},"class_list":["post-345","page","type-page","status-publish","hentry"],"_links":{"self":[{"href":"https:\/\/conselheirolafaiete.mg.gov.br\/v1\/wp-json\/wp\/v2\/pages\/345","targetHints":{"allow":["GET"]}}],"collection":[{"href":"https:\/\/conselheirolafaiete.mg.gov.br\/v1\/wp-json\/wp\/v2\/pages"}],"about":[{"href":"https:\/\/conselheirolafaiete.mg.gov.br\/v1\/wp-json\/wp\/v2\/types\/page"}],"author":[{"embeddable":true,"href":"https:\/\/conselheirolafaiete.mg.gov.br\/v1\/wp-json\/wp\/v2\/users\/2"}],"replies":[{"embeddable":true,"href":"https:\/\/conselheirolafaiete.mg.gov.br\/v1\/wp-json\/wp\/v2\/comments?post=345"}],"version-history":[{"count":3,"href":"https:\/\/conselheirolafaiete.mg.gov.br\/v1\/wp-json\/wp\/v2\/pages\/345\/revisions"}],"predecessor-version":[{"id":399,"href":"https:\/\/conselheirolafaiete.mg.gov.br\/v1\/wp-json\/wp\/v2\/pages\/345\/revisions\/399"}],"wp:attachment":[{"href":"https:\/\/conselheirolafaiete.mg.gov.br\/v1\/wp-json\/wp\/v2\/media?parent=345"}],"curies":[{"name":"wp","href":"https:\/\/api.w.org\/{rel}","templated":true}]}}