{"id":3711,"date":"2019-08-15T13:21:10","date_gmt":"2019-08-15T15:21:10","guid":{"rendered":"http:\/\/conselheirolafaiete.mg.gov.br\/v1\/?page_id=3711"},"modified":"2022-06-13T16:55:52","modified_gmt":"2022-06-13T19:55:52","slug":"resolucoes","status":"publish","type":"page","link":"https:\/\/conselheirolafaiete.mg.gov.br\/v1\/resolucoes\/","title":{"rendered":"Resolu\u00e7\u00f5es"},"content":{"rendered":"<p><a href=\"https:\/\/conselheirolafaiete.mg.gov.br\/v1\/wp-content\/uploads\/2022\/06\/Resolu\u00e7\u00e3o-001-2022-RECOMENDA\u00c7\u00d5ES-AO-USO-DE-M\u00c1SCARA-1.pdf\">09\/06\/2022 &#8211; Resolu\u00e7\u00e3o 001-2022 &#8211; RECOMENDA\u00c7\u00d5ES AO USO DE M\u00c1SCARA <\/a><\/p>\n<p><a href=\"https:\/\/conselheirolafaiete.mg.gov.br\/v1\/wp-content\/uploads\/2020\/04\/DELIBERA\u00c7\u00c3O-DO-COMIT\u00ca-EXTRAORDIN\u00c1RIO-CL-COVID-001.pdf\">07\/04\/2020 &#8211; DELIBERA\u00c7\u00c3O DO COMIT\u00ca EXTRAORDIN\u00c1RIO CL COVID 001<\/a><\/p>\n<p><a href=\"https:\/\/conselheirolafaiete.mg.gov.br\/v1\/wp-content\/uploads\/2020\/04\/DELIBERA\u00c7\u00c3O-DO-COMIT\u00ca-EXTRAORDIN\u00c1RIO-CL-COVID-002.pdf\">07\/04\/2020 &#8211; DELIBERA\u00c7\u00c3O DO COMIT\u00ca EXTRAORDIN\u00c1RIO CL COVID 002<\/a><\/p>\n<p><a href=\"https:\/\/conselheirolafaiete.mg.gov.br\/v1\/wp-content\/uploads\/2020\/04\/DELIBERA\u00c7\u00c3O-DO-COMIT\u00ca-EXTRAORDIN\u00c1RIO-CL-COVID-003-1.pdf\">07\/04\/2020 &#8211; DELIBERA\u00c7\u00c3O DO COMIT\u00ca EXTRAORDIN\u00c1RIO CL COVID 003<\/a><\/p>\n<p><a href=\"https:\/\/conselheirolafaiete.mg.gov.br\/v1\/wp-content\/uploads\/2020\/04\/DELIBERA\u00c7\u00c3O-DO-COMIT\u00ca-EXTRAORDIN\u00c1RIO-CL-COVID-004-1.pdf\">08\/04\/2020 &#8211; DELIBERA\u00c7\u00c3O DO COMIT\u00ca EXTRAORDIN\u00c1RIO CL COVID 004<\/a><\/p>\n<p><a href=\"https:\/\/conselheirolafaiete.mg.gov.br\/v1\/wp-content\/uploads\/2020\/04\/DELIBERA\u00c7\u00c3O-DO-COMIT\u00ca-EXTRAORDIN\u00c1RIO-CL-COVID-005-este.pdf\">08\/04\/2020 &#8211; DELIBERA\u00c7\u00c3O DO COMIT\u00ca EXTRAORDIN\u00c1RIO CL COVID 005<\/a><\/p>\n<p><a href=\"https:\/\/conselheirolafaiete.mg.gov.br\/v1\/wp-content\/uploads\/2019\/08\/Resolu\u00e7\u00e3o-01-2019.pdf\">15\/08\/2019 &#8211; Resolu\u00e7\u00e3o N\u00b0 01 de 2019\/CODAP<\/a><\/p>\n","protected":false},"excerpt":{"rendered":"<p>09\/06\/2022 &#8211; Resolu\u00e7\u00e3o 001-2022 &#8211; RECOMENDA\u00c7\u00d5ES AO USO DE M\u00c1SCARA 07\/04\/2020 &#8211; DELIBERA\u00c7\u00c3O DO COMIT\u00ca EXTRAORDIN\u00c1RIO CL COVID 001 07\/04\/2020 &#8211; DELIBERA\u00c7\u00c3O DO COMIT\u00ca EXTRAORDIN\u00c1RIO CL COVID 002 07\/04\/2020 &#8211; DELIBERA\u00c7\u00c3O DO COMIT\u00ca EXTRAORDIN\u00c1RIO CL COVID 003 08\/04\/2020 &#8211; DELIBERA\u00c7\u00c3O DO COMIT\u00ca EXTRAORDIN\u00c1RIO CL COVID 004 08\/04\/2020 &#8211; DELIBERA\u00c7\u00c3O DO COMIT\u00ca EXTRAORDIN\u00c1RIO CL COVID 005 [&hellip;]<\/p>\n","protected":false},"author":1,"featured_media":0,"parent":0,"menu_order":0,"comment_status":"closed","ping_status":"closed","template":"","meta":{"footnotes":""},"class_list":["post-3711","page","type-page","status-publish","hentry"],"_links":{"self":[{"href":"https:\/\/conselheirolafaiete.mg.gov.br\/v1\/wp-json\/wp\/v2\/pages\/3711","targetHints":{"allow":["GET"]}}],"collection":[{"href":"https:\/\/conselheirolafaiete.mg.gov.br\/v1\/wp-json\/wp\/v2\/pages"}],"about":[{"href":"https:\/\/conselheirolafaiete.mg.gov.br\/v1\/wp-json\/wp\/v2\/types\/page"}],"author":[{"embeddable":true,"href":"https:\/\/conselheirolafaiete.mg.gov.br\/v1\/wp-json\/wp\/v2\/users\/1"}],"replies":[{"embeddable":true,"href":"https:\/\/conselheirolafaiete.mg.gov.br\/v1\/wp-json\/wp\/v2\/comments?post=3711"}],"version-history":[{"count":5,"href":"https:\/\/conselheirolafaiete.mg.gov.br\/v1\/wp-json\/wp\/v2\/pages\/3711\/revisions"}],"predecessor-version":[{"id":11868,"href":"https:\/\/conselheirolafaiete.mg.gov.br\/v1\/wp-json\/wp\/v2\/pages\/3711\/revisions\/11868"}],"wp:attachment":[{"href":"https:\/\/conselheirolafaiete.mg.gov.br\/v1\/wp-json\/wp\/v2\/media?parent=3711"}],"curies":[{"name":"wp","href":"https:\/\/api.w.org\/{rel}","templated":true}]}}