{"id":6159,"date":"2021-01-04T11:30:01","date_gmt":"2021-01-04T13:30:01","guid":{"rendered":"http:\/\/conselheirolafaiete.mg.gov.br\/v1\/?page_id=6159"},"modified":"2021-12-30T10:04:31","modified_gmt":"2021-12-30T12:04:31","slug":"editais-de-autuacao-de-transito-2021","status":"publish","type":"page","link":"https:\/\/conselheirolafaiete.mg.gov.br\/v1\/editais-de-autuacao-de-transito-2021\/","title":{"rendered":"Editais de Autua\u00e7\u00e3o de Tr\u00e2nsito 2021"},"content":{"rendered":"<p><a href=\"https:\/\/conselheirolafaiete.mg.gov.br\/v1\/wp-content\/uploads\/2021\/12\/DMTT-Edital-de-Notifica\u00e7\u00e3o-de-Autua\u00e7\u00e3o-N\u00ba-030-2021.pdf\">30\/12\/2021 &#8211; DMTT &#8211; Edital de Notifica\u00e7\u00e3o de Autua\u00e7\u00e3o N\u00ba 030-2021<\/a><br \/>\n<a href=\"https:\/\/conselheirolafaiete.mg.gov.br\/v1\/wp-content\/uploads\/2021\/12\/DMTT-Edital-de-Notifica\u00e7\u00e3o-de-Penalidade-N\u00ba-026-2021.pdf\">30\/12\/2021 &#8211; DMTT &#8211; Edital de Notifica\u00e7\u00e3o de Penalidade N\u00ba 026-2021<\/a><br \/>\n<a href=\"https:\/\/conselheirolafaiete.mg.gov.br\/v1\/wp-content\/uploads\/2021\/12\/DMTT-Edital-de-Notifica\u00e7\u00e3o-de-Autua\u00e7\u00e3o-N\u00ba-029-2021.pdf\">14\/12\/2021 &#8211; DMTT &#8211; Edital de Notifica\u00e7\u00e3o de Autua\u00e7\u00e3o N\u00ba 029-2021<\/a><br \/>\n<a href=\"https:\/\/conselheirolafaiete.mg.gov.br\/v1\/wp-content\/uploads\/2021\/12\/DMTT-Edital-de-Notifica\u00e7\u00e3o-de-Penalidade-N\u00ba-025-2021.pdf\">14\/12\/2021 &#8211; DMTT &#8211; Edital de Notifica\u00e7\u00e3o de Penalidade N\u00ba 025-2021<\/a><br \/>\n<a href=\"https:\/\/conselheirolafaiete.mg.gov.br\/v1\/wp-content\/uploads\/2021\/12\/DMTT-Edital-de-Notifica\u00e7\u00e3o-de-Autua\u00e7\u00e3o-N\u00ba-028-2021.pdf\">07\/12\/2021 &#8211; DMTT &#8211; Edital de Notifica\u00e7\u00e3o de Autua\u00e7\u00e3o N\u00ba 028-2021<\/a><br \/>\n<a href=\"https:\/\/conselheirolafaiete.mg.gov.br\/v1\/wp-content\/uploads\/2021\/12\/DMTT-Edital-de-Notifica\u00e7\u00e3o-de-Penalidade-N\u00ba-024-2021.pdf\">07\/12\/2021 &#8211; DMTT &#8211; Edital de Notifica\u00e7\u00e3o de Penalidade N\u00ba 024-2021<\/a><br \/>\n<a href=\"https:\/\/conselheirolafaiete.mg.gov.br\/v1\/wp-content\/uploads\/2021\/11\/DMTT-Edital-de-Notifica\u00e7\u00e3o-de-Autua\u00e7\u00e3o-N\u00ba-027-2021.pdf\">22\/11\/2021 &#8211; DMTT &#8211; Edital de Notifica\u00e7\u00e3o de Autua\u00e7\u00e3o N\u00ba 027-2021<\/a><br \/>\n<a href=\"https:\/\/conselheirolafaiete.mg.gov.br\/v1\/wp-content\/uploads\/2021\/11\/DMTT-Edital-de-Notifica\u00e7\u00e3o-de-Penalidade-N\u00ba-023-2021-2.pdf\">19\/11\/2021 &#8211; DMTT &#8211; Edital de Notifica\u00e7\u00e3o de Penalidade N\u00ba 023-2021 (2)<\/a><br \/>\n<a href=\"https:\/\/conselheirolafaiete.mg.gov.br\/v1\/wp-content\/uploads\/2021\/11\/DMTT-Edital-de-Notifica\u00e7\u00e3o-de-Autua\u00e7\u00e3o-N\u00ba-026-2021.pdf\">09\/11\/2021 &#8211; DMTT &#8211; Edital de Notifica\u00e7\u00e3o de Autua\u00e7\u00e3o N\u00ba 026-2021<\/a><br \/>\n<a href=\"https:\/\/conselheirolafaiete.mg.gov.br\/v1\/wp-content\/uploads\/2021\/11\/DMTT-Edital-de-Notifica\u00e7\u00e3o-de-Penalidade-N\u00ba-022-2021.pdf\">09\/11\/2021 &#8211; DMTT &#8211; Edital de Notifica\u00e7\u00e3o de Penalidade N\u00ba 022-2021<\/a><br \/>\n<a href=\"https:\/\/conselheirolafaiete.mg.gov.br\/v1\/wp-content\/uploads\/2021\/11\/DMTT-Edital-de-Notifica\u00e7\u00e3o-de-Autua\u00e7\u00e3o-N\u00ba-025-2021.pdf\">04\/11\/2021 &#8211; DMTT &#8211; Edital de Notifica\u00e7\u00e3o de Autua\u00e7\u00e3o N\u00ba 025-2021<\/a><br \/>\n<a href=\"https:\/\/conselheirolafaiete.mg.gov.br\/v1\/wp-content\/uploads\/2021\/10\/DMTT-Edital-de-Notifica\u00e7\u00e3o-de-Autua\u00e7\u00e3o-N\u00ba-025-2021.pdf\">26\/10\/2021 &#8211; DMTT &#8211; Edital de Notifica\u00e7\u00e3o de Autua\u00e7\u00e3o N\u00ba 025-2021<\/a><br \/>\n<a href=\"https:\/\/conselheirolafaiete.mg.gov.br\/v1\/wp-content\/uploads\/2021\/10\/DMTT-Edital-de-Notifica\u00e7\u00e3o-de-Autua\u00e7\u00e3o-N\u00ba-024-2021.pdf\">05\/10\/2021 &#8211; DMTT &#8211; Edital de Notifica\u00e7\u00e3o de Autua\u00e7\u00e3o N\u00ba 024-2021<\/a><br \/>\n<a href=\"https:\/\/conselheirolafaiete.mg.gov.br\/v1\/wp-content\/uploads\/2021\/09\/DMTT-Edital-de-Notifica\u00e7\u00e3o-de-Autua\u00e7\u00e3o-N\u00ba-023-2021.pdf\">30\/09\/2021 &#8211; DMTT &#8211; Edital de Notifica\u00e7\u00e3o de Autua\u00e7\u00e3o N\u00ba 023-2021<\/a><br \/>\n<a href=\"https:\/\/conselheirolafaiete.mg.gov.br\/v1\/wp-content\/uploads\/2021\/09\/DMTT-Edital-de-Notifica\u00e7\u00e3o-de-Autua\u00e7\u00e3o-N\u00ba-022-2021.pdf\">03\/09\/2021 &#8211; DMTT &#8211; Edital de Notifica\u00e7\u00e3o de Autua\u00e7\u00e3o N\u00ba 022-2021<\/a><br \/>\n<a href=\"https:\/\/conselheirolafaiete.mg.gov.br\/v1\/wp-content\/uploads\/2021\/06\/EDITAL-DE-AUTUA\u00c7\u00c3O-2021-00021.pdf\">10\/06\/2021 &#8211; EDITAL DE AUTUA\u00c7\u00c3O 2021-00021<\/a><br \/>\n<a href=\"https:\/\/conselheirolafaiete.mg.gov.br\/v1\/wp-content\/uploads\/2021\/06\/EDITAL-DE-PENALIDADE-2021-00022.pdf\">10\/06\/2021 &#8211; EDITAL DE PENALIDADE 2021-00022<\/a><br \/>\n<a href=\"https:\/\/conselheirolafaiete.mg.gov.br\/v1\/wp-content\/uploads\/2021\/06\/EDITAL-DE-RECURSO-DEFERIDO-2021-00023.pdf\">10\/06\/2021 &#8211; EDITAL DE RECURSO DEFERIDO 2021-00023<\/a><br \/>\n<a href=\"https:\/\/conselheirolafaiete.mg.gov.br\/v1\/wp-content\/uploads\/2021\/06\/EDITAL-DE-RECURSO-INDEFERIDO-2021-00024.pdf\">10\/06\/2021 &#8211; EDITAL DE RECURSO INDEFERIDO 2021-00024<\/a><br \/>\n<a href=\"https:\/\/conselheirolafaiete.mg.gov.br\/v1\/wp-content\/uploads\/2021\/05\/EDITAL-DE-AUTUA\u00c7\u00c3O-2021-00020.pdf\">20\/05\/2021 &#8211; EDITAL DE AUTUA\u00c7\u00c3O 2021-00020<\/a><br \/>\n<a href=\"https:\/\/conselheirolafaiete.mg.gov.br\/v1\/wp-content\/uploads\/2021\/05\/EDITAL-DE-PENALIDADE-2021-00019.pdf\">20\/05\/2021 &#8211; EDITAL DE PENALIDADE 2021-00019<\/a><br \/>\n<a href=\"https:\/\/conselheirolafaiete.mg.gov.br\/v1\/wp-content\/uploads\/2021\/05\/EDITAL-DE-RECURSO-DEFERIDO-2021-00020.pdf\">20\/05\/2021 &#8211; EDITAL DE RECURSO DEFERIDO 2021-00020<\/a><br \/>\n<a href=\"https:\/\/conselheirolafaiete.mg.gov.br\/v1\/wp-content\/uploads\/2021\/05\/EDITAL-DE-RECURSO-INDEFERIDO-2021-00021.pdf\">20\/05\/2021 &#8211; EDITAL DE RECURSO INDEFERIDO 2021-00021<\/a><br \/>\n<a href=\"https:\/\/conselheirolafaiete.mg.gov.br\/v1\/wp-content\/uploads\/2021\/05\/EDITAL-DE-AUTUA\u00c7\u00c3O-2021-00019.pdf\">13\/05\/2021 &#8211; EDITAL DE AUTUA\u00c7\u00c3O 2021-00019<\/a><br \/>\n<a href=\"https:\/\/conselheirolafaiete.mg.gov.br\/v1\/wp-content\/uploads\/2021\/05\/EDITAL-DE-RECURSO-INDEFERIDO-2021-00018.pdf\">13\/05\/2021 &#8211; EDITAL DE RECURSO INDEFERIDO 2021-00018<\/a><br \/>\n<a href=\"https:\/\/conselheirolafaiete.mg.gov.br\/v1\/wp-content\/uploads\/2021\/05\/EDITAL-DE-AUTUA\u00c7\u00c3O-NUMERO-202100018.pdf\">05\/05\/2021 &#8211; EDITAL DE AUTUA\u00c7\u00c3O NUMERO 202100018<\/a><br \/>\n<a href=\"https:\/\/conselheirolafaiete.mg.gov.br\/v1\/wp-content\/uploads\/2021\/05\/EDITAL-DE-PENALIDADE-N\u00daMERO-202100015.pdf\">05\/05\/2021 &#8211; EDITAL DE PENALIDADE N\u00daMERO 202100015<\/a><br \/>\n<a href=\"https:\/\/conselheirolafaiete.mg.gov.br\/v1\/wp-content\/uploads\/2021\/05\/EDITAL-RECURSO-DEFERIDO-NUMERO-202100016.pdf\">05\/05\/2021 &#8211; EDITAL RECURSO DEFERIDO NUMERO 202100016<\/a><br \/>\n<a href=\"https:\/\/conselheirolafaiete.mg.gov.br\/v1\/wp-content\/uploads\/2021\/05\/EDITAL-RECURSO-INDEFERIDO-NUMERO-202100017.pdf\">05\/05\/2021 &#8211; EDITAL RECURSO INDEFERIDO NUMERO 202100017<\/a><br \/>\n<a href=\"https:\/\/conselheirolafaiete.mg.gov.br\/v1\/wp-content\/uploads\/2021\/04\/EDITAL-DE-AUTUA\u00c7\u00c3O-NUMERO-202100017.pdf\">26\/04\/20201 &#8211; EDITAL DE AUTUA\u00c7\u00c3O NUMERO 202100017<\/a><br \/>\n<a href=\"https:\/\/conselheirolafaiete.mg.gov.br\/v1\/wp-content\/uploads\/2021\/04\/EDITAL-DE-PENALIDADE-N\u00daMERO-202100012.pdf\">26\/04\/2021 &#8211; EDITAL DE PENALIDADE N\u00daMERO 202100012<\/a><br \/>\n<a href=\"https:\/\/conselheirolafaiete.mg.gov.br\/v1\/wp-content\/uploads\/2021\/04\/EDITAL-RECURSO-DEFERIDO-NUMERO-202100013.pdf\">26\/04\/2021 &#8211; EDITAL RECURSO DEFERIDO NUMERO 202100013<\/a><br \/>\n<a href=\"https:\/\/conselheirolafaiete.mg.gov.br\/v1\/wp-content\/uploads\/2021\/04\/EDITAL-RECURSO-INDEFERIDO-NUMERO-202100014.pdf\">26\/04\/2021 &#8211; EDITAL RECURSO INDEFERIDO NUMERO 202100014<\/a><br \/>\n<a href=\"https:\/\/conselheirolafaiete.mg.gov.br\/v1\/wp-content\/uploads\/2021\/04\/EDITAL-DE-AUTUA\u00c7\u00c3O-N\u00daMERO-202100016.pdf\">20\/04\/2021 &#8211; EDITAL DE AUTUA\u00c7\u00c3O N\u00daMERO 202100016<\/a><br \/>\n<a href=\"https:\/\/conselheirolafaiete.mg.gov.br\/v1\/wp-content\/uploads\/2021\/04\/EDITAL-DE-PENALIDADE-N\u00daMERO-202100009.pdf\">20\/04\/2021 &#8211; EDITAL DE PENALIDADE N\u00daMERO 202100009<\/a><br \/>\n<a href=\"https:\/\/conselheirolafaiete.mg.gov.br\/v1\/wp-content\/uploads\/2021\/04\/EDITAL-RECURSO-DEFERIDO-NUMERO-202100010.pdf\">20\/04\/2021 &#8211; EDITAL RECURSO DEFERIDO NUMERO 202100010<\/a><br \/>\n<a href=\"https:\/\/conselheirolafaiete.mg.gov.br\/v1\/wp-content\/uploads\/2021\/04\/EDITAL-RECURSO-INDEFERIDO-NUMERO-202100011.pdf\">20\/04\/2021 &#8211; EDITAL RECURSO INDEFERIDO NUMERO 202100011<\/a><br \/>\n<a href=\"https:\/\/conselheirolafaiete.mg.gov.br\/v1\/wp-content\/uploads\/2021\/03\/EDITAL-0004-2021-ADV-ACOLHIDA.pdf\">24\/03\/2021 &#8211; EDITAL 0004-2021 ADV ACOLHIDA<\/a><br \/>\n<a href=\"https:\/\/conselheirolafaiete.mg.gov.br\/v1\/wp-content\/uploads\/2021\/03\/EDITAL-DE-AUTUA\u00c7\u00c3O-2021-00013.pdf\">24\/03\/2021 &#8211; EDITAL DE AUTUA\u00c7\u00c3O 2021-00013<\/a><br \/>\n<a href=\"https:\/\/conselheirolafaiete.mg.gov.br\/v1\/wp-content\/uploads\/2021\/03\/EDITAL-DE-DEFESA-N\u00c3O-ACOLHIDA-2021-00015.pdf\">24\/03\/2021 &#8211; EDITAL DE DEFESA N\u00c3O ACOLHIDA 2021-00015<\/a><br \/>\n<a href=\"https:\/\/conselheirolafaiete.mg.gov.br\/v1\/wp-content\/uploads\/2021\/03\/EDITAL-DE-DEFESA-ACOLHIDA-2021-00014.pdf\">24\/03\/2021 &#8211; EDITAL DE DEFESA ACOLHIDA 2021-00014<\/a><br \/>\n<a href=\"https:\/\/conselheirolafaiete.mg.gov.br\/v1\/wp-content\/uploads\/2021\/03\/EDITAL-DE-RECURSO-INDEFERIDO-2021-00008.pdf\">24\/03\/2021 &#8211; EDITAL DE RECURSO INDEFERIDO 2021-00008<\/a><br \/>\n<a href=\"https:\/\/conselheirolafaiete.mg.gov.br\/v1\/wp-content\/uploads\/2021\/03\/EDITAL-PENALIDADE-2021-00007.pdf\">24\/03\/2021 &#8211; EDITAL PENALIDADE 2021-00007<\/a><br \/>\n<a href=\"https:\/\/conselheirolafaiete.mg.gov.br\/v1\/wp-content\/uploads\/2021\/03\/EDITAL-DE-PENALIDADE-N\u00daMERO-202100005.pdf\">18\/03\/2021 &#8211;\u00a0EDITAL DE PENALIDADE N\u00daMERO 202100005<\/a><br \/>\n<a href=\"https:\/\/conselheirolafaiete.mg.gov.br\/v1\/wp-content\/uploads\/2021\/03\/EDITAL-RECURSO-INDEFERIDO-202100006.pdf\">18\/03\/2021 &#8211;\u00a0EDITAL RECURSO INDEFERIDO 202100006<\/a><br \/>\n<a href=\"https:\/\/conselheirolafaiete.mg.gov.br\/v1\/wp-content\/uploads\/2021\/03\/EDITAL-DE-AUTUA\u00c7\u00c3O-N\u00daMERO-202100012.pdf\">18\/03\/2021 &#8211;\u00a0EDITAL DE AUTUA\u00c7\u00c3O N\u00daMERO 202100012<\/a><br \/>\n<a href=\"https:\/\/conselheirolafaiete.mg.gov.br\/v1\/wp-content\/uploads\/2021\/03\/EDITAL-ADVERTENCIA-ACOLHIDA-20210003.pdf\">04\/03\/2021 &#8211; EDITAL ADVERTENCIA ACOLHIDA 20210003<\/a><br \/>\n<a href=\"https:\/\/conselheirolafaiete.mg.gov.br\/v1\/wp-content\/uploads\/2021\/03\/EDITAL-DE-AUTUA\u00c7\u00c3O-N\u00daMERO-202100009.pdf\">04\/03\/2021 &#8211; EDITAL DE AUTUA\u00c7\u00c3O N\u00daMERO 202100009<\/a><br \/>\n<a href=\"https:\/\/conselheirolafaiete.mg.gov.br\/v1\/wp-content\/uploads\/2021\/03\/EDITAL-DEFESA-ACOLHIDA-202100010.pdf\">04\/03\/2021 &#8211; EDITAL DEFESA ACOLHIDA 202100010<\/a><br \/>\n<a href=\"https:\/\/conselheirolafaiete.mg.gov.br\/v1\/wp-content\/uploads\/2021\/03\/EDITAL-DEFESA-N\u00c3O-ACOLHIDA-202100011.pdf\">04\/03\/2021 &#8211; EDITAL DEFESA N\u00c3O ACOLHIDA 202100011<\/a><br \/>\n<a href=\"https:\/\/conselheirolafaiete.mg.gov.br\/v1\/wp-content\/uploads\/2021\/03\/EDITAL-RECURSO-INDEFERIDO-202100004.pdf\">04\/03\/2021 &#8211; EDITAL RECURSO INDEFERIDO 202100004<\/a><br \/>\n<a href=\"https:\/\/conselheirolafaiete.mg.gov.br\/v1\/wp-content\/uploads\/2021\/02\/EDITAL-2021.00007-AUTUA\u00c7\u00c3O.pdf\">17\/02\/2021 &#8211; EDITAL 2021.00007 AUTUA\u00c7\u00c3O<\/a><br \/>\n<a href=\"https:\/\/conselheirolafaiete.mg.gov.br\/v1\/wp-content\/uploads\/2021\/02\/EDITAL-2021.00008-DEFESA-ACOLHIDA.pdf\">17\/02\/2021 &#8211; EDITAL 2021.00008 DEFESA ACOLHIDA<\/a><br \/>\n<a href=\"https:\/\/conselheirolafaiete.mg.gov.br\/v1\/wp-content\/uploads\/2021\/02\/EDITAL-2121.00002-JARI-RECURSO-DEFERIDO.pdf\">17\/02\/2021 &#8211; EDITAL 2121.00002 JARI RECURSO DEFERIDO<\/a><br \/>\n<a href=\"https:\/\/conselheirolafaiete.mg.gov.br\/v1\/wp-content\/uploads\/2021\/02\/EDITAL-2121.00003-JARI-RECURSO-INDEFERIDO.pdf\">17\/02\/2021 &#8211; EDITAL 2121.00003 JARI RECURSO INDEFERIDO<\/a><br \/>\n<a href=\"https:\/\/conselheirolafaiete.mg.gov.br\/v1\/wp-content\/uploads\/2021\/02\/EDITAL-0002.2021-ADV-ACOLHIDA.pdf\">17\/02\/2021 &#8211; EDITAL 0002.2021 ADV ACOLHIDA<\/a><br \/>\n<a href=\"https:\/\/conselheirolafaiete.mg.gov.br\/v1\/wp-content\/uploads\/2021\/02\/EDITAL-2021.00004-AUTUA\u00c7\u00c3O.pdf\">09\/02\/2021 &#8211; EDITAL 2021.00004 AUTUA\u00c7\u00c3O<\/a><br \/>\n<a href=\"https:\/\/conselheirolafaiete.mg.gov.br\/v1\/wp-content\/uploads\/2021\/02\/EDITAL-2021.00005-DEFESA-ACOLHIDA.pdf\">09\/02\/2021 &#8211; EDITAL 2021.00005 DEFESA ACOLHIDA<\/a><br \/>\n<a href=\"https:\/\/conselheirolafaiete.mg.gov.br\/v1\/wp-content\/uploads\/2021\/02\/EDITAL-2021.00006-DEFESA-N\u00c3O-ACOLHIDA.pdf\">09\/02\/2021 &#8211; EDITAL 2021.00006 DEFESA N\u00c3O ACOLHIDA<\/a><br \/>\n<a href=\"https:\/\/conselheirolafaiete.mg.gov.br\/v1\/wp-content\/uploads\/2021\/01\/EDITAL-0001.2021-ADV-ACOLHIDA.pdf\">21\/01\/2021 &#8211; EDITAL 0001.2021 ADV ACOLHIDA<\/a><br \/>\n<a href=\"https:\/\/conselheirolafaiete.mg.gov.br\/v1\/wp-content\/uploads\/2021\/01\/EDITAL-2021.00001-DEFESA-ACOLHIDA.pdf\">21\/01\/2021 &#8211; EDITAL 2021.00001 DEFESA ACOLHIDA<\/a><br \/>\n<a href=\"https:\/\/conselheirolafaiete.mg.gov.br\/v1\/wp-content\/uploads\/2021\/01\/EDITAL-2021.00001-PENALIDADE.pdf\">21\/01\/2021 &#8211; EDITAL 2021.00001 PENALIDADE<\/a><br \/>\n<a href=\"https:\/\/conselheirolafaiete.mg.gov.br\/v1\/wp-content\/uploads\/2021\/01\/EDITAL-2021.00002-DEFESA-N\u00c3O-ACOLHIDA.pdf\">21\/01\/2021 &#8211; EDITAL 2021.00002 DEFESA N\u00c3O ACOLHIDA<\/a><br \/>\n<a href=\"https:\/\/conselheirolafaiete.mg.gov.br\/v1\/wp-content\/uploads\/2021\/01\/EDITAL-2021.00003-AUTUA\u00c7\u00c3O.pdf\">21\/01\/2021 &#8211; EDITAL 2021.00003 AUTUA\u00c7\u00c3O<\/a><\/p>\n","protected":false},"excerpt":{"rendered":"<p>30\/12\/2021 &#8211; DMTT &#8211; Edital de Notifica\u00e7\u00e3o de Autua\u00e7\u00e3o N\u00ba 030-2021 30\/12\/2021 &#8211; DMTT &#8211; Edital de Notifica\u00e7\u00e3o de Penalidade N\u00ba 026-2021 14\/12\/2021 &#8211; DMTT &#8211; Edital de Notifica\u00e7\u00e3o de Autua\u00e7\u00e3o N\u00ba 029-2021 14\/12\/2021 &#8211; DMTT &#8211; Edital de Notifica\u00e7\u00e3o de Penalidade N\u00ba 025-2021 07\/12\/2021 &#8211; DMTT &#8211; Edital de Notifica\u00e7\u00e3o de Autua\u00e7\u00e3o N\u00ba 028-2021 [&hellip;]<\/p>\n","protected":false},"author":1,"featured_media":0,"parent":0,"menu_order":0,"comment_status":"closed","ping_status":"closed","template":"","meta":{"footnotes":""},"class_list":["post-6159","page","type-page","status-publish","hentry"],"_links":{"self":[{"href":"https:\/\/conselheirolafaiete.mg.gov.br\/v1\/wp-json\/wp\/v2\/pages\/6159","targetHints":{"allow":["GET"]}}],"collection":[{"href":"https:\/\/conselheirolafaiete.mg.gov.br\/v1\/wp-json\/wp\/v2\/pages"}],"about":[{"href":"https:\/\/conselheirolafaiete.mg.gov.br\/v1\/wp-json\/wp\/v2\/types\/page"}],"author":[{"embeddable":true,"href":"https:\/\/conselheirolafaiete.mg.gov.br\/v1\/wp-json\/wp\/v2\/users\/1"}],"replies":[{"embeddable":true,"href":"https:\/\/conselheirolafaiete.mg.gov.br\/v1\/wp-json\/wp\/v2\/comments?post=6159"}],"version-history":[{"count":25,"href":"https:\/\/conselheirolafaiete.mg.gov.br\/v1\/wp-json\/wp\/v2\/pages\/6159\/revisions"}],"predecessor-version":[{"id":10144,"href":"https:\/\/conselheirolafaiete.mg.gov.br\/v1\/wp-json\/wp\/v2\/pages\/6159\/revisions\/10144"}],"wp:attachment":[{"href":"https:\/\/conselheirolafaiete.mg.gov.br\/v1\/wp-json\/wp\/v2\/media?parent=6159"}],"curies":[{"name":"wp","href":"https:\/\/api.w.org\/{rel}","templated":true}]}}