{"id":30178,"date":"2018-12-28T12:19:58","date_gmt":"2018-12-28T12:19:58","guid":{"rendered":"http:\/\/conselheirolafaiete.mg.gov.br\/v2\/?page_id=30178"},"modified":"2022-07-20T14:23:59","modified_gmt":"2022-07-20T16:23:59","slug":"recomendacoes","status":"publish","type":"page","link":"https:\/\/conselheirolafaiete.mg.gov.br\/v2\/recomendacoes\/","title":{"rendered":"Recomenda\u00e7\u00f5es"},"content":{"rendered":"<p><a href=\"https:\/\/conselheirolafaiete.mg.gov.br\/v2\/wp-content\/uploads\/2022\/07\/RECOMENDACAO-001-AO-PREFEITO-MUNICIPAL-PLANEJAMENTO-PARA-SAUDE.pdf\">20\/07\/2022 &#8211; RECOMENDA\u00c7\u00c3O 001 AO PREFEITO MUNICIPAL PLANEJAMENTO PARA SAUDE<\/a><\/p>\n<p><a href=\"https:\/\/conselheirolafaiete.mg.gov.br\/v2\/wp-content\/uploads\/2022\/07\/RECOMENDACAO-001-AO-PRESIDENTE-DA-CAMARA-MUNICIPAL1.pdf\">20\/07\/2022 &#8211; RECOMENDA\u00c7\u00c3O 001 AO PRESIDENTE DA CAMARA MUNICIPAL(1)<\/a><\/p>\n<p><a href=\"https:\/\/conselheirolafaiete.mg.gov.br\/v2\/wp-content\/uploads\/2022\/07\/RECOMENDACAO-001-AO-PRESIDENTE-DA-CAMARA-MUNICIPAL.pdf\">20\/07\/2022 &#8211; RECOMENDA\u00c7\u00c3O 001 AO PRESIDENTE DA CAMARA MUNICIPAL<\/a><\/p>\n<p><a href=\"https:\/\/conselheirolafaiete.mg.gov.br\/v2\/wp-content\/uploads\/2022\/07\/RECOMENDACAO-001-PREFEITO-COVID-19-VERSAO-FINAL.pdf\">20\/07\/2022 &#8211; RECOMENDA\u00c7\u00c3O 001 PREFEITO COVID 19 VERSAO FINAL<\/a><\/p>\n<p><a href=\"https:\/\/conselheirolafaiete.mg.gov.br\/v2\/wp-content\/uploads\/2022\/07\/RECOMENDACAO-002-2017-ALESSANDRO-CONFERENCIA-DE-SAUDE.pdf\">20\/07\/2022 &#8211; RECOMENDA\u00c7\u00c3O 002 2017 ALESSANDRO CONFERENCIA DE SAUDE<\/a><\/p>\n<p><a href=\"https:\/\/conselheirolafaiete.mg.gov.br\/v2\/wp-content\/uploads\/2022\/07\/RECOMENDACAO-003-2017-VEREADOR-PEDRO-AMERICO-LEI-07-E-2017.pdf\">20\/07\/2022 &#8211; RECOMENDA\u00c7\u00c3O 003 2017 VEREADOR PEDRO AMERICO LEI 07-E-2017<\/a><\/p>\n<p><a href=\"https:\/\/conselheirolafaiete.mg.gov.br\/v2\/wp-content\/uploads\/2022\/07\/RECOMENDACAO-004-2017-PREFEITO-MUNICIPAL-LDO-2018-1.pdf\">20\/07\/2022 &#8211; RECOMENDA\u00c7\u00c3O 004 2017 PREFEITO MUNICIPAL LDO 2018 (1)<\/a><\/p>\n<p><a href=\"https:\/\/conselheirolafaiete.mg.gov.br\/v2\/wp-content\/uploads\/2022\/07\/RECOMENDACAO-A-SMS.pdf\">20\/07\/2022 &#8211; RECOMENDA\u00c7AO A SMS<\/a><\/p>\n<p><a href=\"https:\/\/conselheirolafaiete.mg.gov.br\/v2\/wp-content\/uploads\/2022\/07\/RECOMENDACAO-001-2019-PREFEITO-MUNICIPAL-SOBRE-ACUMULO-DO-SECRETARIO-DE-SAUDE-1.pdf\">20\/07\/2022 &#8211; RECOMENDA\u00c7\u00c3O-001-2019-PREFEITO-MUNICIPAL-SOBRE-ACUMULO-DO-SECRETARIO-DE-SAUDE-1<\/a><\/p>\n<p><a href=\"https:\/\/conselheirolafaiete.mg.gov.br\/v2\/wp-content\/uploads\/2022\/07\/RECOMENDACAO-AO-SECRETARIO-DE-SAUDE-SOBRE-POLICLINICA-PDF.pdf\">20\/07\/2022 &#8211; RECOMENDA\u00c7\u00c3O-AO-SECRETARIO-DE-SAUDE-SOBRE-POLICLINICA-PDF<\/a><\/p>\n<p><a href=\"https:\/\/conselheirolafaiete.mg.gov.br\/v2\/wp-content\/uploads\/2022\/07\/RECOMENDACAO-001-2017-MARIO-MARCUS-PROMESSAS-DE-CAMPANHA.pdf\">20\/07\/2022 &#8211; RECOMENDA\u00c7\u00c3O 001 2017 MARIO MARCUS PROMESSAS DE CAMPANHA<\/a><\/p>\n<p><a href=\"https:\/\/conselheirolafaiete.mg.gov.br\/v2\/wp-content\/uploads\/2021\/06\/RECOMENDA\u00c7\u00c3O-001-AO-PREFEITO-MUNICIPAL-PLANEJAMENTO-PARA-SAUDE.pdf\">08\/06\/2021 &#8211; RECOMENDA\u00c7\u00c3O 001 AO PREFEITO MUNICIPAL PLANEJAMENTO PARA SAUDE<\/a><\/p>\n<p><a href=\"https:\/\/conselheirolafaiete.mg.gov.br\/v2\/wp-content\/uploads\/2019\/10\/RECOMENDA\u00c7\u00c3O-004-2019-PREFEITO-MUNICIPAL-LOA-2020.pdf\">11\/10\/2019 &#8211; RECOMENDA\u00c7\u00c3O 004 2019 PREFEITO MUNICIPAL LOA 2020<\/a><\/p>\n<p><a href=\"https:\/\/conselheirolafaiete.mg.gov.br\/v2\/wp-content\/uploads\/2019\/09\/RECOMENDA\u00c7\u00c3O-003-2019-PREFEITO-MUNICIPAL-DE-SA\u00daDE-SOBRE-LABORATORIO-CENTRAL-VERSAO-FINAL.pdf\">12\/09\/2019- RECOMENDA\u00c7\u00c3O 003 2019 PREFEITO MUNICIPAL DE SA\u00daDE SOBRE LABORATORIO CENTRAL VERSAO FINAL<\/a><\/p>\n<p><a href=\"https:\/\/conselheirolafaiete.mg.gov.br\/v2\/wp-content\/uploads\/2018\/12\/RECOMENDA\u00c7\u00c3O-001-2018-SECRETARIO-DE-SAUDE-SOBRE-FRALDAS-E-LEITE-PDF.pdf\">RECOMENDA\u00c7\u00c3O 001 2018 SECRETARIO DE SAUDE SOBRE FRALDAS E LEITE<\/a><\/p>\n<p><a href=\"https:\/\/conselheirolafaiete.mg.gov.br\/v2\/wp-content\/uploads\/2018\/12\/RECOMENDA\u00c7\u00c3O-002-2018-PREFEITO-MUNICIPAL-LOA-2019-PDF.pdf\">RECOMENDA\u00c7\u00c3O 002 2018 PREFEITO MUNICIPAL LOA 2019<\/a><\/p>\n<p><a href=\"https:\/\/conselheirolafaiete.mg.gov.br\/v2\/wp-content\/uploads\/2018\/12\/RECOMENDA\u00c7\u00c3O-AO-SECRETARIO-DE-SAUDE-SOBRE-POLICLINICA-PDF.pdf\">RECOMENDA\u00c7\u00c3O AO SECRETARIO DE SAUDE SOBRE POLICLINICA<\/a><\/p>\n<p><a href=\"https:\/\/conselheirolafaiete.mg.gov.br\/v2\/wp-content\/uploads\/2019\/02\/RECOMENDA\u00c7\u00c3O-001-2019-PREFEITO-MUNICIPAL-SOBRE-ACUMULO-DO-SECRETARIO-DE-SAUDE-1.pdf\">19\/02\/2019 &#8211; RECOMENDA\u00c7\u00c3O 001 2019 PREFEITO MUNICIPAL SOBRE ACUMULO DO SECRETARIO DE SAUDE<\/a><\/p>\n<p><a href=\"https:\/\/conselheirolafaiete.mg.gov.br\/v2\/wp-content\/uploads\/2019\/10\/RECOMENDA\u00c7\u00c3O-003-2017-VEREADOR-PEDRO-AMERICO-LEI-07-E-2017.pdf\">RECOMENDA\u00c7\u00c3O 003 2017 VEREADOR PEDRO AMERICO LEI 07-E-2017<\/a><\/p>\n<p><a href=\"https:\/\/conselheirolafaiete.mg.gov.br\/v2\/wp-content\/uploads\/2019\/10\/RECOMENDA\u00c7\u00c3O-001-2017-MARIO-MARCUS-PROMESSAS-DE-CAMPANHA.pdf\">RECOMENDA\u00c7\u00c3O 001 2017 MARIO MARCUS PROMESSAS DE CAMPANHA<\/a><\/p>\n<p><a href=\"https:\/\/conselheirolafaiete.mg.gov.br\/v2\/wp-content\/uploads\/2019\/10\/RECOMENDA\u00c7AO-002-2017-A-SMS.pdf\">RECOMENDA\u00c7AO 002 2017 A SMS<\/a><\/p>\n","protected":false},"excerpt":{"rendered":"<p>20\/07\/2022 &#8211; RECOMENDA\u00c7\u00c3O 001 AO PREFEITO MUNICIPAL PLANEJAMENTO PARA SAUDE 20\/07\/2022 &#8211; RECOMENDA\u00c7\u00c3O 001 AO PRESIDENTE DA CAMARA MUNICIPAL(1) 20\/07\/2022 &#8211; RECOMENDA\u00c7\u00c3O 001 AO PRESIDENTE DA CAMARA MUNICIPAL 20\/07\/2022 &#8211; RECOMENDA\u00c7\u00c3O 001 PREFEITO COVID 19 VERSAO FINAL 20\/07\/2022 &#8211; RECOMENDA\u00c7\u00c3O 002 2017 ALESSANDRO CONFERENCIA DE SAUDE 20\/07\/2022 &#8211; RECOMENDA\u00c7\u00c3O 003 2017 VEREADOR PEDRO AMERICO LEI [&hellip;]<\/p>\n","protected":false},"author":5,"featured_media":0,"parent":0,"menu_order":0,"comment_status":"closed","ping_status":"closed","template":"","meta":{"footnotes":""},"class_list":["post-30178","page","type-page","status-publish","hentry"],"_links":{"self":[{"href":"https:\/\/conselheirolafaiete.mg.gov.br\/v2\/wp-json\/wp\/v2\/pages\/30178","targetHints":{"allow":["GET"]}}],"collection":[{"href":"https:\/\/conselheirolafaiete.mg.gov.br\/v2\/wp-json\/wp\/v2\/pages"}],"about":[{"href":"https:\/\/conselheirolafaiete.mg.gov.br\/v2\/wp-json\/wp\/v2\/types\/page"}],"author":[{"embeddable":true,"href":"https:\/\/conselheirolafaiete.mg.gov.br\/v2\/wp-json\/wp\/v2\/users\/5"}],"replies":[{"embeddable":true,"href":"https:\/\/conselheirolafaiete.mg.gov.br\/v2\/wp-json\/wp\/v2\/comments?post=30178"}],"version-history":[{"count":8,"href":"https:\/\/conselheirolafaiete.mg.gov.br\/v2\/wp-json\/wp\/v2\/pages\/30178\/revisions"}],"predecessor-version":[{"id":47514,"href":"https:\/\/conselheirolafaiete.mg.gov.br\/v2\/wp-json\/wp\/v2\/pages\/30178\/revisions\/47514"}],"wp:attachment":[{"href":"https:\/\/conselheirolafaiete.mg.gov.br\/v2\/wp-json\/wp\/v2\/media?parent=30178"}],"curies":[{"name":"wp","href":"https:\/\/api.w.org\/{rel}","templated":true}]}}